[INFO] fetching crate mz-avro 0.6.5...
[INFO] building mz-avro-0.6.5 against master#ff34b919075f35a1787659e9c448a34b06bab8de for issue-85264
[INFO] extracting crate mz-avro 0.6.5 into /workspace/builds/worker-10/source
[INFO] validating manifest of crates.io crate mz-avro 0.6.5 on toolchain ff34b919075f35a1787659e9c448a34b06bab8de
[INFO] running `Command { std: "/workspace/cargo-home/bin/cargo" "+ff34b919075f35a1787659e9c448a34b06bab8de" "metadata" "--manifest-path" "Cargo.toml" "--no-deps", kill_on_drop: false }`
[INFO] started tweaking crates.io crate mz-avro 0.6.5
[INFO] finished tweaking crates.io crate mz-avro 0.6.5
[INFO] tweaked toml for crates.io crate mz-avro 0.6.5 written to /workspace/builds/worker-10/source/Cargo.toml
[INFO] crate crates.io crate mz-avro 0.6.5 already has a lockfile, it will not be regenerated
[INFO] running `Command { std: "/workspace/cargo-home/bin/cargo" "+ff34b919075f35a1787659e9c448a34b06bab8de" "fetch" "--manifest-path" "Cargo.toml", kill_on_drop: false }`
[INFO] [stderr]     Blocking waiting for file lock on package cache
[INFO] [stderr]     Blocking waiting for file lock on package cache
[INFO] running `Command { std: "docker" "create" "-v" "/var/lib/crater-agent-workspace/builds/worker-10/target:/opt/rustwide/target:rw,Z" "-v" "/var/lib/crater-agent-workspace/builds/worker-10/source:/opt/rustwide/workdir:ro,Z" "-v" "/var/lib/crater-agent-workspace/cargo-home:/opt/rustwide/cargo-home:ro,Z" "-v" "/var/lib/crater-agent-workspace/rustup-home:/opt/rustwide/rustup-home:ro,Z" "-e" "SOURCE_DIR=/opt/rustwide/workdir" "-e" "CARGO_TARGET_DIR=/opt/rustwide/target" "-e" "CARGO_HOME=/opt/rustwide/cargo-home" "-e" "RUSTUP_HOME=/opt/rustwide/rustup-home" "-w" "/opt/rustwide/workdir" "-m" "1610612736" "--user" "0:0" "--network" "none" "ghcr.io/rust-lang/crates-build-env/linux@sha256:20528e8c29e4536546f0102ce88568b16ea7538393a33fcca951030f7af10457" "/opt/rustwide/cargo-home/bin/cargo" "+ff34b919075f35a1787659e9c448a34b06bab8de" "metadata" "--no-deps" "--format-version=1", kill_on_drop: false }`
[INFO] [stderr] WARNING: Your kernel does not support swap limit capabilities or the cgroup is not mounted. Memory limited without swap.
[INFO] [stdout] 3a0f0e902cd8a83cd013273af424a32c2021db684dd15156b0ed905239f1ecc4
[INFO] running `Command { std: "docker" "start" "-a" "3a0f0e902cd8a83cd013273af424a32c2021db684dd15156b0ed905239f1ecc4", kill_on_drop: false }`
[INFO] running `Command { std: "docker" "inspect" "3a0f0e902cd8a83cd013273af424a32c2021db684dd15156b0ed905239f1ecc4", kill_on_drop: false }`
[INFO] running `Command { std: "docker" "rm" "-f" "3a0f0e902cd8a83cd013273af424a32c2021db684dd15156b0ed905239f1ecc4", kill_on_drop: false }`
[INFO] [stdout] 3a0f0e902cd8a83cd013273af424a32c2021db684dd15156b0ed905239f1ecc4
[INFO] running `Command { std: "docker" "create" "-v" "/var/lib/crater-agent-workspace/builds/worker-10/target:/opt/rustwide/target:rw,Z" "-v" "/var/lib/crater-agent-workspace/builds/worker-10/source:/opt/rustwide/workdir:ro,Z" "-v" "/var/lib/crater-agent-workspace/cargo-home:/opt/rustwide/cargo-home:ro,Z" "-v" "/var/lib/crater-agent-workspace/rustup-home:/opt/rustwide/rustup-home:ro,Z" "-e" "SOURCE_DIR=/opt/rustwide/workdir" "-e" "CARGO_TARGET_DIR=/opt/rustwide/target" "-e" "CARGO_INCREMENTAL=0" "-e" "RUST_BACKTRACE=full" "-e" "RUSTFLAGS=--cap-lints=forbid" "-e" "CARGO_HOME=/opt/rustwide/cargo-home" "-e" "RUSTUP_HOME=/opt/rustwide/rustup-home" "-w" "/opt/rustwide/workdir" "-m" "1610612736" "--user" "0:0" "--network" "none" "ghcr.io/rust-lang/crates-build-env/linux@sha256:20528e8c29e4536546f0102ce88568b16ea7538393a33fcca951030f7af10457" "/opt/rustwide/cargo-home/bin/cargo" "+ff34b919075f35a1787659e9c448a34b06bab8de" "build" "--frozen" "--message-format=json", kill_on_drop: false }`
[INFO] [stdout] 0c23d9e5ed6548655461d71bc6a89cd0cc33b086f741382bd04d714a980f567c
[INFO] [stderr] WARNING: Your kernel does not support swap limit capabilities or the cgroup is not mounted. Memory limited without swap.
[INFO] running `Command { std: "docker" "start" "-a" "0c23d9e5ed6548655461d71bc6a89cd0cc33b086f741382bd04d714a980f567c", kill_on_drop: false }`
[INFO] [stderr]     Blocking waiting for file lock on package cache
[INFO] [stderr]    Compiling proc-macro2 v1.0.18
[INFO] [stderr]    Compiling libc v0.2.72
[INFO] [stderr]    Compiling unicode-xid v0.2.1
[INFO] [stderr]    Compiling syn v1.0.34
[INFO] [stderr]    Compiling autocfg v1.0.0
[INFO] [stderr]    Compiling typenum v1.12.0
[INFO] [stderr]    Compiling getrandom v0.1.14
[INFO] [stderr]    Compiling memchr v2.3.3
[INFO] [stderr]    Compiling serde_derive v1.0.114
[INFO] [stderr]    Compiling crc32fast v1.2.0
[INFO] [stderr]    Compiling adler v0.2.3
[INFO] [stderr]    Compiling serde v1.0.114
[INFO] [stderr]    Compiling gimli v0.22.0
[INFO] [stderr]    Compiling byte-tools v0.3.1
[INFO] [stderr]    Compiling rustc-demangle v0.1.16
[INFO] [stderr]    Compiling ppv-lite86 v0.2.8
[INFO] [stderr]    Compiling serde_json v1.0.56
[INFO] [stderr]    Compiling log v0.4.11
[INFO] [stderr]    Compiling object v0.20.0
[INFO] [stderr]    Compiling either v1.5.3
[INFO] [stderr]    Compiling rle-decode-fast v1.0.1
[INFO] [stderr]    Compiling itoa v0.4.6
[INFO] [stderr]    Compiling fake-simd v0.1.2
[INFO] [stderr]    Compiling regex-syntax v0.6.18
[INFO] [stderr]    Compiling opaque-debug v0.2.3
[INFO] [stderr]    Compiling adler32 v1.1.0
[INFO] [stderr]    Compiling libflate_lz77 v1.0.0
[INFO] [stderr]    Compiling block-padding v0.1.5
[INFO] [stderr]    Compiling miniz_oxide v0.4.0
[INFO] [stderr]    Compiling thread_local v1.0.1
[INFO] [stderr]    Compiling itertools v0.9.0
[INFO] [stderr]    Compiling num-traits v0.2.12
[INFO] [stderr]    Compiling num-integer v0.1.43
[INFO] [stderr]    Compiling libflate v1.0.2
[INFO] [stderr]    Compiling aho-corasick v0.7.13
[INFO] [stderr]    Compiling quote v1.0.7
[INFO] [stderr]    Compiling time v0.1.43
[INFO] [stderr]    Compiling rand_core v0.5.1
[INFO] [stderr]    Compiling rand_chacha v0.2.2
[INFO] [stderr]    Compiling generic-array v0.12.3
[INFO] [stderr]    Compiling rand v0.7.3
[INFO] [stderr]    Compiling block-buffer v0.7.3
[INFO] [stderr]    Compiling digest v0.8.1
[INFO] [stderr]    Compiling sha2 v0.8.2
[INFO] [stderr]    Compiling chrono v0.4.13
[INFO] [stderr]    Compiling addr2line v0.13.0
[INFO] [stderr]    Compiling backtrace v0.3.50
[INFO] [stderr]    Compiling regex v1.3.9
[INFO] [stderr]    Compiling synstructure v0.12.4
[INFO] [stderr]    Compiling failure_derive v0.1.8
[INFO] [stderr]    Compiling failure v0.1.8
[INFO] [stderr]    Compiling mz-avro v0.6.5 (/opt/rustwide/workdir)
[INFO] [stderr]     Finished dev [unoptimized + debuginfo] target(s) in 1m 39s
[INFO] running `Command { std: "docker" "inspect" "0c23d9e5ed6548655461d71bc6a89cd0cc33b086f741382bd04d714a980f567c", kill_on_drop: false }`
[INFO] running `Command { std: "docker" "rm" "-f" "0c23d9e5ed6548655461d71bc6a89cd0cc33b086f741382bd04d714a980f567c", kill_on_drop: false }`
[INFO] [stdout] 0c23d9e5ed6548655461d71bc6a89cd0cc33b086f741382bd04d714a980f567c
[INFO] running `Command { std: "docker" "create" "-v" "/var/lib/crater-agent-workspace/builds/worker-10/target:/opt/rustwide/target:rw,Z" "-v" "/var/lib/crater-agent-workspace/builds/worker-10/source:/opt/rustwide/workdir:ro,Z" "-v" "/var/lib/crater-agent-workspace/cargo-home:/opt/rustwide/cargo-home:ro,Z" "-v" "/var/lib/crater-agent-workspace/rustup-home:/opt/rustwide/rustup-home:ro,Z" "-e" "SOURCE_DIR=/opt/rustwide/workdir" "-e" "CARGO_TARGET_DIR=/opt/rustwide/target" "-e" "CARGO_INCREMENTAL=0" "-e" "RUST_BACKTRACE=full" "-e" "RUSTFLAGS=--cap-lints=forbid" "-e" "CARGO_HOME=/opt/rustwide/cargo-home" "-e" "RUSTUP_HOME=/opt/rustwide/rustup-home" "-w" "/opt/rustwide/workdir" "-m" "1610612736" "--user" "0:0" "--network" "none" "ghcr.io/rust-lang/crates-build-env/linux@sha256:20528e8c29e4536546f0102ce88568b16ea7538393a33fcca951030f7af10457" "/opt/rustwide/cargo-home/bin/cargo" "+ff34b919075f35a1787659e9c448a34b06bab8de" "test" "--frozen" "--no-run" "--message-format=json", kill_on_drop: false }`
[INFO] [stdout] ed387adcd2f17d0286add7d44cc782304319e9ed6e1ae54694a28d9cde1dd30e
[INFO] [stderr] WARNING: Your kernel does not support swap limit capabilities or the cgroup is not mounted. Memory limited without swap.
[INFO] running `Command { std: "docker" "start" "-a" "ed387adcd2f17d0286add7d44cc782304319e9ed6e1ae54694a28d9cde1dd30e", kill_on_drop: false }`
[INFO] [stderr]    Compiling md-5 v0.8.0
[INFO] [stderr]    Compiling mz-avro v0.6.5 (/opt/rustwide/workdir)
[INFO] [stdout] error[E0433]: failed to resolve: use of undeclared crate or module `avro`
[INFO] [stdout]  --> examples/benchmark.rs:7:5
[INFO] [stdout]   |
[INFO] [stdout] 7 | use avro::{
[INFO] [stdout]   |     ^^^^ use of undeclared crate or module `avro`
[INFO] [stdout] 
[INFO] [stdout] 
[INFO] [stdout] error[E0433]: failed to resolve: use of undeclared crate or module `avro`
[INFO] [stdout]  --> tests/io.rs:8:5
[INFO] [stdout]   |
[INFO] [stdout] 8 | use avro::schema::resolve_schemas;
[INFO] [stdout]   |     ^^^^ use of undeclared crate or module `avro`
[INFO] [stdout] 
[INFO] [stdout] 
[INFO] [stdout] error[E0433]: failed to resolve: use of undeclared crate or module `avro`
[INFO] [stdout]  --> tests/schema.rs:8:5
[INFO] [stdout]   |
[INFO] [stdout] 8 | use avro::{types::DecimalValue, types::Value, Schema};
[INFO] [stdout]   |     ^^^^ use of undeclared crate or module `avro`
[INFO] [stdout] 
[INFO] [stdout] 
[INFO] [stdout] error[E0432]: unresolved import `avro`
[INFO] [stdout]  --> examples/benchmark.rs:7:5
[INFO] [stdout]   |
[INFO] [stdout] 7 | use avro::{
[INFO] [stdout]   |     ^^^^ use of undeclared crate or module `avro`
[INFO] [stdout] 
[INFO] [stdout] 
[INFO] [stdout] error[E0433]: failed to resolve: use of undeclared crate or module `avro`
[INFO] [stdout]  --> tests/io.rs:9:5
[INFO] [stdout]   |
[INFO] [stdout] 9 | use avro::{
[INFO] [stdout]   |     ^^^^ use of undeclared crate or module `avro`
[INFO] [stdout] 
[INFO] [stdout] 
[INFO] [stdout] error[E0432]: unresolved import `avro`
[INFO] [stdout]  --> tests/io.rs:9:5
[INFO] [stdout]   |
[INFO] [stdout] 9 | use avro::{
[INFO] [stdout]   |     ^^^^ use of undeclared crate or module `avro`
[INFO] [stdout] 
[INFO] [stdout] 
[INFO] [stdout] error[E0433]: failed to resolve: use of undeclared type `Value`
[INFO] [stdout]   --> tests/io.rs:19:23
[INFO] [stdout]    |
[INFO] [stdout] 19 |         (r#""null""#, Value::Null),
[INFO] [stdout]    |                       ^^^^^ use of undeclared type `Value`
[INFO] [stdout] 
[INFO] [stdout] 
[INFO] [stdout] error[E0433]: failed to resolve: use of undeclared type `Value`
[INFO] [stdout]   --> tests/io.rs:31:43
[INFO] [stdout]    |
[INFO] [stdout] 31 |         (r#"["string", "null", "long"]"#, Value::Union{
[INFO] [stdout]    |                                           ^^^^^ use of undeclared type `Value`
[INFO] [stdout] 
[INFO] [stdout] 
[INFO] [stdout] error[E0412]: cannot find type `Schema` in this scope
[INFO] [stdout]   --> examples/benchmark.rs:27:23
[INFO] [stdout]    |
[INFO] [stdout] 27 | fn benchmark(schema: &Schema, record: &Value, s: &str, count: usize, runs: usize) {
[INFO] [stdout]    |                       ^^^^^^ not found in this scope
[INFO] [stdout]    |
[INFO] [stdout] help: consider importing this struct
[INFO] [stdout]    |
[INFO] [stdout] 5  | use mz_avro::Schema;
[INFO] [stdout]    |
[INFO] [stdout] 
[INFO] [stdout] 
[INFO] [stdout] error[E0412]: cannot find type `Value` in this scope
[INFO] [stdout]   --> examples/benchmark.rs:27:40
[INFO] [stdout]    |
[INFO] [stdout] 27 | fn benchmark(schema: &Schema, record: &Value, s: &str, count: usize, runs: usize) {
[INFO] [stdout]    |                                        ^^^^^ not found in this scope
[INFO] [stdout]    |
[INFO] [stdout] help: consider importing one of these items
[INFO] [stdout]    |
[INFO] [stdout] 5  | use mz_avro::types::Value;
[INFO] [stdout]    |
[INFO] [stdout] 5  | use serde_json::Value;
[INFO] [stdout]    |
[INFO] [stdout] 
[INFO] [stdout] 
[INFO] [stdout] error[E0433]: failed to resolve: use of undeclared type `Schema`
[INFO] [stdout]   --> examples/benchmark.rs:91:24
[INFO] [stdout]    |
[INFO] [stdout] 91 |     let small_schema = Schema::parse_str(raw_small_schema).unwrap();
[INFO] [stdout]    |                        ^^^^^^ not found in this scope
[INFO] [stdout]    |
[INFO] [stdout] help: consider importing this struct
[INFO] [stdout]    |
[INFO] [stdout] 5  | use mz_avro::Schema;
[INFO] [stdout]    |
[INFO] [stdout] 
[INFO] [stdout] 
[INFO] [stdout] error[E0433]: failed to resolve: use of undeclared type `Schema`
[INFO] [stdout]   --> examples/benchmark.rs:92:22
[INFO] [stdout]    |
[INFO] [stdout] 92 |     let big_schema = Schema::parse_str(raw_big_schema).unwrap();
[INFO] [stdout]    |                      ^^^^^^ not found in this scope
[INFO] [stdout]    |
[INFO] [stdout] help: consider importing this struct
[INFO] [stdout]    |
[INFO] [stdout] 5  | use mz_avro::Schema;
[INFO] [stdout]    |
[INFO] [stdout] 
[INFO] [stdout] 
[INFO] [stdout] error[E0433]: failed to resolve: use of undeclared type `Record`
[INFO] [stdout]   --> examples/benchmark.rs:97:28
[INFO] [stdout]    |
[INFO] [stdout] 97 |     let mut small_record = Record::new(small_schema.top_node()).unwrap();
[INFO] [stdout]    |                            ^^^^^^ not found in this scope
[INFO] [stdout]    |
[INFO] [stdout] help: consider importing one of these items
[INFO] [stdout]    |
[INFO] [stdout] 5  | use log::Record;
[INFO] [stdout]    |
[INFO] [stdout] 5  | use mz_avro::types::Record;
[INFO] [stdout]    |
[INFO] [stdout] 
[INFO] [stdout] 
[INFO] [stdout] error[E0433]: failed to resolve: use of undeclared type `Schema`
[INFO] [stdout]    --> examples/benchmark.rs:102:26
[INFO] [stdout]     |
[INFO] [stdout] 102 |     let address_schema = Schema::parse_str(raw_address_schema).unwrap();
[INFO] [stdout]     |                          ^^^^^^ not found in this scope
[INFO] [stdout]     |
[INFO] [stdout] help: consider importing this struct
[INFO] [stdout]     |
[INFO] [stdout] 5   | use mz_avro::Schema;
[INFO] [stdout]     |
[INFO] [stdout] 
[INFO] [stdout] 
[INFO] [stdout] error[E0433]: failed to resolve: use of undeclared type `Value`
[INFO] [stdout]   --> tests/io.rs:33:29
[INFO] [stdout]    |
[INFO] [stdout] 33 |             inner: Box::new(Value::Null),
[INFO] [stdout]    |                             ^^^^^ use of undeclared type `Value`
[INFO] [stdout] 
[INFO] [stdout] 
[INFO] [stdout] error[E0433]: failed to resolve: use of undeclared type `Record`
[INFO] [stdout]    --> examples/benchmark.rs:103:23
[INFO] [stdout]     |
[INFO] [stdout] 103 |     let mut address = Record::new(address_schema.top_node()).unwrap();
[INFO] [stdout]     |                       ^^^^^^ not found in this scope
[INFO] [stdout]     |
[INFO] [stdout] help: consider importing one of these items
[INFO] [stdout]     |
[INFO] [stdout] 5   | use log::Record;
[INFO] [stdout]     |
[INFO] [stdout] 5   | use mz_avro::types::Record;
[INFO] [stdout]     |
[INFO] [stdout] 
[INFO] [stdout] 
[INFO] [stdout] error[E0433]: failed to resolve: use of undeclared type `Record`
[INFO] [stdout]    --> examples/benchmark.rs:110:26
[INFO] [stdout]     |
[INFO] [stdout] 110 |     let mut big_record = Record::new(big_schema.top_node()).unwrap();
[INFO] [stdout]     |                          ^^^^^^ not found in this scope
[INFO] [stdout]     |
[INFO] [stdout] help: consider importing one of these items
[INFO] [stdout]     |
[INFO] [stdout] 5   | use log::Record;
[INFO] [stdout]     |
[INFO] [stdout] 5   | use mz_avro::types::Record;
[INFO] [stdout]     |
[INFO] [stdout] 
[INFO] [stdout] 
[INFO] [stdout] error[E0433]: failed to resolve: use of undeclared type `Value`
[INFO] [stdout]   --> tests/io.rs:53:31
[INFO] [stdout]    |
[INFO] [stdout] 53 |         (r#""null""#, "null", Value::Null),
[INFO] [stdout]    |                               ^^^^^ use of undeclared type `Value`
[INFO] [stdout] 
[INFO] [stdout] 
[INFO] [stdout] error[E0433]: failed to resolve: use of undeclared type `Value`
[INFO] [stdout]    --> tests/io.rs:506:9
[INFO] [stdout]     |
[INFO] [stdout] 506 |         Value::Union {
[INFO] [stdout]     |         ^^^^^ use of undeclared type `Value`
[INFO] [stdout] 
[INFO] [stdout] 
[INFO] [stdout] error[E0432]: unresolved import `avro`
[INFO] [stdout]  --> tests/schema.rs:8:5
[INFO] [stdout]   |
[INFO] [stdout] 8 | use avro::{types::DecimalValue, types::Value, Schema};
[INFO] [stdout]   |     ^^^^ use of undeclared crate or module `avro`
[INFO] [stdout] 
[INFO] [stdout] 
[INFO] [stdout] error[E0433]: failed to resolve: use of undeclared type `Value`
[INFO] [stdout]    --> tests/io.rs:510:17
[INFO] [stdout]     |
[INFO] [stdout] 510 |                 Value::Union {
[INFO] [stdout]     |                 ^^^^^ use of undeclared type `Value`
[INFO] [stdout] 
[INFO] [stdout] 
[INFO] [stdout] error[E0433]: failed to resolve: use of undeclared type `Value`
[INFO] [stdout]    --> tests/io.rs:512:37
[INFO] [stdout]     |
[INFO] [stdout] 512 |                     inner: Box::new(Value::Null),
[INFO] [stdout]     |                                     ^^^^^ use of undeclared type `Value`
[INFO] [stdout] 
[INFO] [stdout] 
[INFO] [stdout] error[E0433]: failed to resolve: use of undeclared type `Value`
[INFO] [stdout]    --> tests/io.rs:581:25
[INFO] [stdout]     |
[INFO] [stdout] 581 |                         Value::Union {
[INFO] [stdout]     |                         ^^^^^ use of undeclared type `Value`
[INFO] [stdout] 
[INFO] [stdout] 
[INFO] [stdout] error[E0433]: failed to resolve: use of undeclared type `Value`
[INFO] [stdout]    --> tests/io.rs:594:25
[INFO] [stdout]     |
[INFO] [stdout] 594 |                         Value::Union {
[INFO] [stdout]     |                         ^^^^^ use of undeclared type `Value`
[INFO] [stdout] 
[INFO] [stdout] 
[INFO] [stdout] error[E0433]: failed to resolve: use of undeclared type `Value`
[INFO] [stdout]    --> tests/io.rs:611:21
[INFO] [stdout]     |
[INFO] [stdout] 611 |                     Value::Union {
[INFO] [stdout]     |                     ^^^^^ use of undeclared type `Value`
[INFO] [stdout] 
[INFO] [stdout] 
[INFO] [stdout] error[E0433]: failed to resolve: use of undeclared type `Value`
[INFO] [stdout]    --> tests/io.rs:613:41
[INFO] [stdout]     |
[INFO] [stdout] 613 |                         inner: Box::new(Value::Null),
[INFO] [stdout]     |                                         ^^^^^ use of undeclared type `Value`
[INFO] [stdout] 
[INFO] [stdout] 
[INFO] [stdout] error[E0433]: failed to resolve: use of undeclared type `Value`
[INFO] [stdout]    --> tests/io.rs:727:13
[INFO] [stdout]     |
[INFO] [stdout] 727 |             Value::Union {
[INFO] [stdout]     |             ^^^^^ use of undeclared type `Value`
[INFO] [stdout] 
[INFO] [stdout] 
[INFO] [stdout] error[E0433]: failed to resolve: use of undeclared type `Value`
[INFO] [stdout]    --> tests/io.rs:738:13
[INFO] [stdout]     |
[INFO] [stdout] 738 |             Value::Union {
[INFO] [stdout]     |             ^^^^^ use of undeclared type `Value`
[INFO] [stdout] 
[INFO] [stdout] 
[INFO] [stdout] error[E0433]: failed to resolve: use of undeclared type `Value`
[INFO] [stdout]   --> tests/schema.rs:68:23
[INFO] [stdout]    |
[INFO] [stdout] 68 |         (r#""null""#, Value::Null),
[INFO] [stdout]    |                       ^^^^^ use of undeclared type `Value`
[INFO] [stdout] 
[INFO] [stdout] 
[INFO] [stdout] error[E0433]: failed to resolve: use of undeclared type `Value`
[INFO] [stdout]    --> tests/io.rs:771:21
[INFO] [stdout]     |
[INFO] [stdout] 771 |                     Value::Union {
[INFO] [stdout]     |                     ^^^^^ use of undeclared type `Value`
[INFO] [stdout] 
[INFO] [stdout] 
[INFO] [stdout] error[E0433]: failed to resolve: use of undeclared type `Value`
[INFO] [stdout]    --> tests/io.rs:790:13
[INFO] [stdout]     |
[INFO] [stdout] 790 |             Value::Union {
[INFO] [stdout]     |             ^^^^^ use of undeclared type `Value`
[INFO] [stdout] 
[INFO] [stdout] 
[INFO] [stdout] error[E0433]: failed to resolve: use of undeclared type `Value`
[INFO] [stdout]    --> tests/io.rs:801:13
[INFO] [stdout]     |
[INFO] [stdout] 801 |             Value::Union {
[INFO] [stdout]     |             ^^^^^ use of undeclared type `Value`
[INFO] [stdout] 
[INFO] [stdout] 
[INFO] [stdout] error[E0433]: failed to resolve: use of undeclared type `Value`
[INFO] [stdout]   --> tests/schema.rs:92:32
[INFO] [stdout]    |
[INFO] [stdout] 92 |         (r#"["null", "int"]"#, Value::Union{index:0, inner:Box::new(Value::Null),n_variants:2,null_variant:Some(0)}),
[INFO] [stdout]    |                                ^^^^^ use of undeclared type `Value`
[INFO] [stdout] 
[INFO] [stdout] 
[INFO] [stdout] error[E0433]: failed to resolve: use of undeclared type `Value`
[INFO] [stdout]    --> tests/io.rs:983:26
[INFO] [stdout]     |
[INFO] [stdout] 983 |     let datum_to_write = Value::Union {
[INFO] [stdout]     |                          ^^^^^ use of undeclared type `Value`
[INFO] [stdout] 
[INFO] [stdout] 
[INFO] [stdout] error[E0433]: failed to resolve: use of undeclared type `Value`
[INFO] [stdout]    --> tests/io.rs:989:25
[INFO] [stdout]     |
[INFO] [stdout] 989 |     let datum_to_read = Value::Union {
[INFO] [stdout]     |                         ^^^^^ use of undeclared type `Value`
[INFO] [stdout] 
[INFO] [stdout] 
[INFO] [stdout] error[E0433]: failed to resolve: use of undeclared type `Value`
[INFO] [stdout]   --> tests/schema.rs:92:69
[INFO] [stdout]    |
[INFO] [stdout] 92 |         (r#"["null", "int"]"#, Value::Union{index:0, inner:Box::new(Value::Null),n_variants:2,null_variant:Some(0)}),
[INFO] [stdout]    |                                                                     ^^^^^ use of undeclared type `Value`
[INFO] [stdout] 
[INFO] [stdout] 
[INFO] [stdout] error[E0433]: failed to resolve: use of undeclared type `Value`
[INFO] [stdout]    --> tests/io.rs:998:30
[INFO] [stdout]     |
[INFO] [stdout] 998 |     let err_datum_to_write = Value::Union {
[INFO] [stdout]     |                              ^^^^^ use of undeclared type `Value`
[INFO] [stdout] 
[INFO] [stdout] 
[INFO] [stdout] error[E0433]: failed to resolve: use of undeclared type `Value`
[INFO] [stdout]   --> tests/schema.rs:93:33
[INFO] [stdout]    |
[INFO] [stdout] 93 |          (r#"["null", "int"]"#, Value::Union{index:1, inner:Box::new(Value::Int(42)),n_variants:2,null_variant:Some(0)}),
[INFO] [stdout]    |                                 ^^^^^ use of undeclared type `Value`
[INFO] [stdout] 
[INFO] [stdout] 
[INFO] [stdout] error[E0433]: failed to resolve: use of undeclared type `Value`
[INFO] [stdout]   --> tests/schema.rs:94:52
[INFO] [stdout]    |
[INFO] [stdout] 94 |         (r#"["null", "double", "string", "int"]"#, Value::Union{index:3, inner:Box::new(Value::Int(42)),n_variants:4,null_variant:Some(0)}),
[INFO] [stdout]    |                                                    ^^^^^ use of undeclared type `Value`
[INFO] [stdout] 
[INFO] [stdout] 
[INFO] [stdout] error[E0433]: failed to resolve: use of undeclared type `Value`
[INFO] [stdout]     --> tests/io.rs:1007:30
[INFO] [stdout]      |
[INFO] [stdout] 1007 |     let err_datum_to_write = Value::Union {
[INFO] [stdout]      |                              ^^^^^ use of undeclared type `Value`
[INFO] [stdout] 
[INFO] [stdout] 
[INFO] [stdout] error[E0433]: failed to resolve: use of undeclared type `Value`
[INFO] [stdout]   --> tests/schema.rs:95:43
[INFO] [stdout]    |
[INFO] [stdout] 95 | ...   (r#"["string", "null", "long"]"#, Value::Union{index:0, inner:Box::new(Value::String("string".into())),n_variants:3,null_variant:So...
[INFO] [stdout]    |                                         ^^^^^ use of undeclared type `Value`
[INFO] [stdout] 
[INFO] [stdout] 
[INFO] [stdout] error[E0433]: failed to resolve: use of undeclared type `Value`
[INFO] [stdout]    --> tests/schema.rs:128:49
[INFO] [stdout]     |
[INFO] [stdout] 128 | ...                   ("nullField".into(), Value::Null),
[INFO] [stdout]     |                                            ^^^^^ use of undeclared type `Value`
[INFO] [stdout] 
[INFO] [stdout] 
[INFO] [stdout] error[E0412]: cannot find type `Value` in this scope
[INFO] [stdout]   --> tests/io.rs:18:56
[INFO] [stdout]    |
[INFO] [stdout] 18 |     static ref SCHEMAS_TO_VALIDATE: Vec<(&'static str, Value)> = vec![
[INFO] [stdout]    |                                                        ^^^^^ not found in this scope
[INFO] [stdout]    |
[INFO] [stdout] help: consider importing one of these items
[INFO] [stdout]    |
[INFO] [stdout] 6  | use mz_avro::types::Value;
[INFO] [stdout]    |
[INFO] [stdout] 6  | use serde_json::Value;
[INFO] [stdout]    |
[INFO] [stdout] 
[INFO] [stdout] 
[INFO] [stdout] error[E0433]: failed to resolve: use of undeclared type `Value`
[INFO] [stdout]   --> tests/io.rs:20:26
[INFO] [stdout]    |
[INFO] [stdout] 20 |         (r#""boolean""#, Value::Boolean(true)),
[INFO] [stdout]    |                          ^^^^^ not found in this scope
[INFO] [stdout]    |
[INFO] [stdout] help: consider importing one of these items
[INFO] [stdout]    |
[INFO] [stdout] 6  | use mz_avro::types::Value;
[INFO] [stdout]    |
[INFO] [stdout] 6  | use serde_json::Value;
[INFO] [stdout]    |
[INFO] [stdout] 
[INFO] [stdout] 
[INFO] [stdout] error[E0433]: failed to resolve: use of undeclared type `Value`
[INFO] [stdout]   --> tests/io.rs:21:25
[INFO] [stdout]    |
[INFO] [stdout] 21 |         (r#""string""#, Value::String("adsfasdf09809dsf-=adsf".to_string())),
[INFO] [stdout]    |                         ^^^^^ not found in this scope
[INFO] [stdout]    |
[INFO] [stdout] help: consider importing one of these items
[INFO] [stdout]    |
[INFO] [stdout] 6  | use mz_avro::types::Value;
[INFO] [stdout]    |
[INFO] [stdout] 6  | use serde_json::Value;
[INFO] [stdout]    |
[INFO] [stdout] 
[INFO] [stdout] 
[INFO] [stdout] error[E0433]: failed to resolve: use of undeclared type `Value`
[INFO] [stdout]   --> tests/io.rs:22:24
[INFO] [stdout]    |
[INFO] [stdout] 22 |         (r#""bytes""#, Value::Bytes("12345abcd".to_string().into_bytes())),
[INFO] [stdout]    |                        ^^^^^ not found in this scope
[INFO] [stdout]    |
[INFO] [stdout] help: consider importing one of these items
[INFO] [stdout]    |
[INFO] [stdout] 6  | use mz_avro::types::Value;
[INFO] [stdout]    |
[INFO] [stdout] 6  | use serde_json::Value;
[INFO] [stdout]    |
[INFO] [stdout] 
[INFO] [stdout] 
[INFO] [stdout] error[E0433]: failed to resolve: use of undeclared type `Value`
[INFO] [stdout]   --> tests/io.rs:23:22
[INFO] [stdout]    |
[INFO] [stdout] 23 |         (r#""int""#, Value::Int(1234)),
[INFO] [stdout]    |                      ^^^^^ not found in this scope
[INFO] [stdout]    |
[INFO] [stdout] help: consider importing one of these items
[INFO] [stdout]    |
[INFO] [stdout] 6  | use mz_avro::types::Value;
[INFO] [stdout]    |
[INFO] [stdout] 6  | use serde_json::Value;
[INFO] [stdout]    |
[INFO] [stdout] 
[INFO] [stdout] 
[INFO] [stdout] error[E0433]: failed to resolve: use of undeclared type `Value`
[INFO] [stdout]   --> tests/io.rs:24:23
[INFO] [stdout]    |
[INFO] [stdout] 24 |         (r#""long""#, Value::Long(1234)),
[INFO] [stdout]    |                       ^^^^^ not found in this scope
[INFO] [stdout]    |
[INFO] [stdout] help: consider importing one of these items
[INFO] [stdout]    |
[INFO] [stdout] 6  | use mz_avro::types::Value;
[INFO] [stdout]    |
[INFO] [stdout] 6  | use serde_json::Value;
[INFO] [stdout]    |
[INFO] [stdout] 
[INFO] [stdout] 
[INFO] [stdout] error[E0433]: failed to resolve: use of undeclared type `Value`
[INFO] [stdout]   --> tests/io.rs:25:24
[INFO] [stdout]    |
[INFO] [stdout] 25 |         (r#""float""#, Value::Float(1234.0)),
[INFO] [stdout]    |                        ^^^^^ not found in this scope
[INFO] [stdout]    |
[INFO] [stdout] help: consider importing one of these items
[INFO] [stdout]    |
[INFO] [stdout] 6  | use mz_avro::types::Value;
[INFO] [stdout]    |
[INFO] [stdout] 6  | use serde_json::Value;
[INFO] [stdout]    |
[INFO] [stdout] 
[INFO] [stdout] 
[INFO] [stdout] error[E0433]: failed to resolve: use of undeclared type `Value`
[INFO] [stdout]   --> tests/io.rs:26:25
[INFO] [stdout]    |
[INFO] [stdout] 26 |         (r#""double""#, Value::Double(1234.0)),
[INFO] [stdout]    |                         ^^^^^ not found in this scope
[INFO] [stdout]    |
[INFO] [stdout] help: consider importing one of these items
[INFO] [stdout]    |
[INFO] [stdout] 6  | use mz_avro::types::Value;
[INFO] [stdout]    |
[INFO] [stdout] 6  | use serde_json::Value;
[INFO] [stdout]    |
[INFO] [stdout] 
[INFO] [stdout] 
[INFO] [stdout] error[E0433]: failed to resolve: use of undeclared type `Value`
[INFO] [stdout]   --> tests/io.rs:27:61
[INFO] [stdout]    |
[INFO] [stdout] 27 |         (r#"{"type": "fixed", "name": "Test", "size": 1}"#, Value::Fixed(1, vec![b'B'])),
[INFO] [stdout]    |                                                             ^^^^^ not found in this scope
[INFO] [stdout]    |
[INFO] [stdout] help: consider importing one of these items
[INFO] [stdout]    |
[INFO] [stdout] 6  | use mz_avro::types::Value;
[INFO] [stdout]    |
[INFO] [stdout] 6  | use serde_json::Value;
[INFO] [stdout]    |
[INFO] [stdout] 
[INFO] [stdout] 
[INFO] [stdout] error[E0433]: failed to resolve: use of undeclared type `Value`
[INFO] [stdout]   --> tests/io.rs:28:72
[INFO] [stdout]    |
[INFO] [stdout] 28 |         (r#"{"type": "enum", "name": "Test", "symbols": ["A", "B"]}"#, Value::Enum(1, "B".to_string())),
[INFO] [stdout]    |                                                                        ^^^^^ not found in this scope
[INFO] [stdout]    |
[INFO] [stdout] help: consider importing one of these items
[INFO] [stdout]    |
[INFO] [stdout] 6  | use mz_avro::types::Value;
[INFO] [stdout]    |
[INFO] [stdout] 6  | use serde_json::Value;
[INFO] [stdout]    |
[INFO] [stdout] 
[INFO] [stdout] 
[INFO] [stdout] error[E0433]: failed to resolve: use of undeclared type `Value`
[INFO] [stdout]   --> tests/io.rs:29:51
[INFO] [stdout]    |
[INFO] [stdout] 29 |         (r#"{"type": "array", "items": "long"}"#, Value::Array(vec![Value::Long(1), Value::Long(3), Value::Long(2)])),
[INFO] [stdout]    |                                                   ^^^^^ not found in this scope
[INFO] [stdout]    |
[INFO] [stdout] help: consider importing one of these items
[INFO] [stdout]    |
[INFO] [stdout] 6  | use mz_avro::types::Value;
[INFO] [stdout]    |
[INFO] [stdout] 6  | use serde_json::Value;
[INFO] [stdout]    |
[INFO] [stdout] 
[INFO] [stdout] 
[INFO] [stdout] error[E0433]: failed to resolve: use of undeclared type `Value`
[INFO] [stdout]   --> tests/io.rs:29:69
[INFO] [stdout]    |
[INFO] [stdout] 29 |         (r#"{"type": "array", "items": "long"}"#, Value::Array(vec![Value::Long(1), Value::Long(3), Value::Long(2)])),
[INFO] [stdout]    |                                                                     ^^^^^ not found in this scope
[INFO] [stdout]    |
[INFO] [stdout] help: consider importing one of these items
[INFO] [stdout]    |
[INFO] [stdout] 6  | use mz_avro::types::Value;
[INFO] [stdout]    |
[INFO] [stdout] 6  | use serde_json::Value;
[INFO] [stdout]    |
[INFO] [stdout] 
[INFO] [stdout] 
[INFO] [stdout] error[E0433]: failed to resolve: use of undeclared type `Value`
[INFO] [stdout]   --> tests/io.rs:29:85
[INFO] [stdout]    |
[INFO] [stdout] 29 |         (r#"{"type": "array", "items": "long"}"#, Value::Array(vec![Value::Long(1), Value::Long(3), Value::Long(2)])),
[INFO] [stdout]    |                                                                                     ^^^^^ not found in this scope
[INFO] [stdout]    |
[INFO] [stdout] help: consider importing one of these items
[INFO] [stdout]    |
[INFO] [stdout] 6  | use mz_avro::types::Value;
[INFO] [stdout]    |
[INFO] [stdout] 6  | use serde_json::Value;
[INFO] [stdout]    |
[INFO] [stdout] 
[INFO] [stdout] 
[INFO] [stdout] error[E0433]: failed to resolve: use of undeclared type `Value`
[INFO] [stdout]   --> tests/io.rs:29:101
[INFO] [stdout]    |
[INFO] [stdout] 29 |         (r#"{"type": "array", "items": "long"}"#, Value::Array(vec![Value::Long(1), Value::Long(3), Value::Long(2)])),
[INFO] [stdout]    |                                                                                                     ^^^^^ not found in this scope
[INFO] [stdout]    |
[INFO] [stdout] help: consider importing one of these items
[INFO] [stdout]    |
[INFO] [stdout] 6  | use mz_avro::types::Value;
[INFO] [stdout]    |
[INFO] [stdout] 6  | use serde_json::Value;
[INFO] [stdout]    |
[INFO] [stdout] 
[INFO] [stdout] 
[INFO] [stdout] error[E0433]: failed to resolve: use of undeclared type `Value`
[INFO] [stdout]   --> tests/io.rs:30:50
[INFO] [stdout]    |
[INFO] [stdout] 30 | ...   (r#"{"type": "map", "values": "long"}"#, Value::Map([("a".to_string(), Value::Long(1i64)), ("b".to_string(), Value::Long(3i64)), ("...
[INFO] [stdout]    |                                                ^^^^^ not found in this scope
[INFO] [stdout]    |
[INFO] [stdout] help: consider importing one of these items
[INFO] [stdout]    |
[INFO] [stdout] 6  | use mz_avro::types::Value;
[INFO] [stdout]    |
[INFO] [stdout] 6  | use serde_json::Value;
[INFO] [stdout]    |
[INFO] [stdout] 
[INFO] [stdout] 
[INFO] [stdout] error[E0433]: failed to resolve: use of undeclared type `Value`
[INFO] [stdout]   --> tests/io.rs:30:80
[INFO] [stdout]    |
[INFO] [stdout] 30 | ...   (r#"{"type": "map", "values": "long"}"#, Value::Map([("a".to_string(), Value::Long(1i64)), ("b".to_string(), Value::Long(3i64)), ("...
[INFO] [stdout]    |                                                                              ^^^^^ not found in this scope
[INFO] [stdout]    |
[INFO] [stdout] help: consider importing one of these items
[INFO] [stdout]    |
[INFO] [stdout] 6  | use mz_avro::types::Value;
[INFO] [stdout]    |
[INFO] [stdout] 6  | use serde_json::Value;
[INFO] [stdout]    |
[INFO] [stdout] 
[INFO] [stdout] 
[INFO] [stdout] error[E0433]: failed to resolve: use of undeclared type `Value`
[INFO] [stdout]   --> tests/io.rs:30:118
[INFO] [stdout]    |
[INFO] [stdout] 30 | ....to_string(), Value::Long(1i64)), ("b".to_string(), Value::Long(3i64)), ("c".to_string(), Value::Long(2i64))].iter().cloned().collect(...
[INFO] [stdout]    |                                                        ^^^^^ not found in this scope
[INFO] [stdout]    |
[INFO] [stdout] help: consider importing one of these items
[INFO] [stdout]    |
[INFO] [stdout] 6  | use mz_avro::types::Value;
[INFO] [stdout]    |
[INFO] [stdout] 6  | use serde_json::Value;
[INFO] [stdout]    |
[INFO] [stdout] 
[INFO] [stdout] 
[INFO] [stdout] error[E0433]: failed to resolve: use of undeclared type `Value`
[INFO] [stdout]   --> tests/io.rs:30:156
[INFO] [stdout]    |
[INFO] [stdout] 30 | ....to_string(), Value::Long(3i64)), ("c".to_string(), Value::Long(2i64))].iter().cloned().collect())),
[INFO] [stdout]    |                                                        ^^^^^ not found in this scope
[INFO] [stdout]    |
[INFO] [stdout] help: consider importing one of these items
[INFO] [stdout]    |
[INFO] [stdout] 6  | use mz_avro::types::Value;
[INFO] [stdout]    |
[INFO] [stdout] 6  | use serde_json::Value;
[INFO] [stdout]    |
[INFO] [stdout] 
[INFO] [stdout] 
[INFO] [stdout] error[E0433]: failed to resolve: use of undeclared type `Value`
[INFO] [stdout]   --> tests/io.rs:37:94
[INFO] [stdout]    |
[INFO] [stdout] 37 | ...   (r#"{"type": "record", "name": "Test", "fields": [{"name": "f", "type": "long"}]}"#, Value::Record(vec![("f".to_string(), Value::Lo...
[INFO] [stdout]    |                                                                                            ^^^^^ not found in this scope
[INFO] [stdout]    |
[INFO] [stdout] help: consider importing one of these items
[INFO] [stdout]    |
[INFO] [stdout] 6  | use mz_avro::types::Value;
[INFO] [stdout]    |
[INFO] [stdout] 6  | use serde_json::Value;
[INFO] [stdout]    |
[INFO] [stdout] 
[INFO] [stdout] 
[INFO] [stdout] error[E0433]: failed to resolve: use of undeclared type `Value`
[INFO] [stdout]   --> tests/io.rs:37:131
[INFO] [stdout]    |
[INFO] [stdout] 37 | ...: "long"}]}"#, Value::Record(vec![("f".to_string(), Value::Long(1))]))
[INFO] [stdout]    |                                                        ^^^^^ not found in this scope
[INFO] [stdout]    |
[INFO] [stdout] help: consider importing one of these items
[INFO] [stdout]    |
[INFO] [stdout] 6  | use mz_avro::types::Value;
[INFO] [stdout]    |
[INFO] [stdout] 6  | use serde_json::Value;
[INFO] [stdout]    |
[INFO] [stdout] 
[INFO] [stdout] 
[INFO] [stdout] error[E0412]: cannot find type `Value` in this scope
[INFO] [stdout]   --> tests/io.rs:52:73
[INFO] [stdout]    |
[INFO] [stdout] 52 |     static ref DEFAULT_VALUE_EXAMPLES: Vec<(&'static str, &'static str, Value)> = vec![
[INFO] [stdout]    |                                                                         ^^^^^ not found in this scope
[INFO] [stdout]    |
[INFO] [stdout] help: consider importing one of these items
[INFO] [stdout]    |
[INFO] [stdout] 6  | use mz_avro::types::Value;
[INFO] [stdout]    |
[INFO] [stdout] 6  | use serde_json::Value;
[INFO] [stdout]    |
[INFO] [stdout] 
[INFO] [stdout] 
[INFO] [stdout] error[E0433]: failed to resolve: use of undeclared type `Value`
[INFO] [stdout]   --> tests/io.rs:54:34
[INFO] [stdout]    |
[INFO] [stdout] 54 |         (r#""boolean""#, "true", Value::Boolean(true)),
[INFO] [stdout]    |                                  ^^^^^ not found in this scope
[INFO] [stdout]    |
[INFO] [stdout] help: consider importing one of these items
[INFO] [stdout]    |
[INFO] [stdout] 6  | use mz_avro::types::Value;
[INFO] [stdout]    |
[INFO] [stdout] 6  | use serde_json::Value;
[INFO] [stdout]    |
[INFO] [stdout] 
[INFO] [stdout] 
[INFO] [stdout] error[E0433]: failed to resolve: use of undeclared type `Value`
[INFO] [stdout]   --> tests/io.rs:55:37
[INFO] [stdout]    |
[INFO] [stdout] 55 |         (r#""string""#, r#""foo""#, Value::String("foo".to_string())),
[INFO] [stdout]    |                                     ^^^^^ not found in this scope
[INFO] [stdout]    |
[INFO] [stdout] help: consider importing one of these items
[INFO] [stdout]    |
[INFO] [stdout] 6  | use mz_avro::types::Value;
[INFO] [stdout]    |
[INFO] [stdout] 6  | use serde_json::Value;
[INFO] [stdout]    |
[INFO] [stdout] 
[INFO] [stdout] 
[INFO] [stdout] error[E0433]: failed to resolve: use of undeclared type `Value`
[INFO] [stdout]   --> tests/io.rs:57:27
[INFO] [stdout]    |
[INFO] [stdout] 57 |         (r#""int""#, "5", Value::Int(5)),
[INFO] [stdout]    |                           ^^^^^ not found in this scope
[INFO] [stdout]    |
[INFO] [stdout] help: consider importing one of these items
[INFO] [stdout]    |
[INFO] [stdout] 6  | use mz_avro::types::Value;
[INFO] [stdout]    |
[INFO] [stdout] 6  | use serde_json::Value;
[INFO] [stdout]    |
[INFO] [stdout] 
[INFO] [stdout] 
[INFO] [stdout] error[E0433]: failed to resolve: use of undeclared type `Value`
[INFO] [stdout]   --> tests/io.rs:58:28
[INFO] [stdout]    |
[INFO] [stdout] 58 |         (r#""long""#, "5", Value::Long(5)),
[INFO] [stdout]    |                            ^^^^^ not found in this scope
[INFO] [stdout]    |
[INFO] [stdout] help: consider importing one of these items
[INFO] [stdout]    |
[INFO] [stdout] 6  | use mz_avro::types::Value;
[INFO] [stdout]    |
[INFO] [stdout] 6  | use serde_json::Value;
[INFO] [stdout]    |
[INFO] [stdout] 
[INFO] [stdout] 
[INFO] [stdout] error[E0433]: failed to resolve: use of undeclared type `Value`
[INFO] [stdout]   --> tests/io.rs:59:31
[INFO] [stdout]    |
[INFO] [stdout] 59 |         (r#""float""#, "1.1", Value::Float(1.1)),
[INFO] [stdout]    |                               ^^^^^ not found in this scope
[INFO] [stdout]    |
[INFO] [stdout] help: consider importing one of these items
[INFO] [stdout]    |
[INFO] [stdout] 6  | use mz_avro::types::Value;
[INFO] [stdout]    |
[INFO] [stdout] 6  | use serde_json::Value;
[INFO] [stdout]    |
[INFO] [stdout] 
[INFO] [stdout] 
[INFO] [stdout] error[E0433]: failed to resolve: use of undeclared type `Value`
[INFO] [stdout]   --> tests/io.rs:60:32
[INFO] [stdout]    |
[INFO] [stdout] 60 |         (r#""double""#, "1.1", Value::Double(1.1)),
[INFO] [stdout]    |                                ^^^^^ not found in this scope
[INFO] [stdout]    |
[INFO] [stdout] help: consider importing one of these items
[INFO] [stdout]    |
[INFO] [stdout] 6  | use mz_avro::types::Value;
[INFO] [stdout]    |
[INFO] [stdout] 6  | use serde_json::Value;
[INFO] [stdout]    |
[INFO] [stdout] 
[INFO] [stdout] 
[INFO] [stdout] error[E0433]: failed to resolve: use of undeclared type `Value`
[INFO] [stdout]   --> tests/io.rs:63:63
[INFO] [stdout]    |
[INFO] [stdout] 63 |         (r#"{"type": "array", "items": "int"}"#, "[1, 2, 3]", Value::Array(vec![Value::Int(1), Value::Int(2), Value::Int(3)])),
[INFO] [stdout]    |                                                               ^^^^^ not found in this scope
[INFO] [stdout]    |
[INFO] [stdout] help: consider importing one of these items
[INFO] [stdout]    |
[INFO] [stdout] 6  | use mz_avro::types::Value;
[INFO] [stdout]    |
[INFO] [stdout] 6  | use serde_json::Value;
[INFO] [stdout]    |
[INFO] [stdout] 
[INFO] [stdout] 
[INFO] [stdout] error[E0433]: failed to resolve: use of undeclared type `Value`
[INFO] [stdout]   --> tests/io.rs:63:81
[INFO] [stdout]    |
[INFO] [stdout] 63 |         (r#"{"type": "array", "items": "int"}"#, "[1, 2, 3]", Value::Array(vec![Value::Int(1), Value::Int(2), Value::Int(3)])),
[INFO] [stdout]    |                                                                                 ^^^^^ not found in this scope
[INFO] [stdout]    |
[INFO] [stdout] help: consider importing one of these items
[INFO] [stdout]    |
[INFO] [stdout] 6  | use mz_avro::types::Value;
[INFO] [stdout]    |
[INFO] [stdout] 6  | use serde_json::Value;
[INFO] [stdout]    |
[INFO] [stdout] 
[INFO] [stdout] 
[INFO] [stdout] error[E0433]: failed to resolve: use of undeclared type `Value`
[INFO] [stdout]   --> tests/io.rs:63:96
[INFO] [stdout]    |
[INFO] [stdout] 63 |         (r#"{"type": "array", "items": "int"}"#, "[1, 2, 3]", Value::Array(vec![Value::Int(1), Value::Int(2), Value::Int(3)])),
[INFO] [stdout]    |                                                                                                ^^^^^ not found in this scope
[INFO] [stdout]    |
[INFO] [stdout] help: consider importing one of these items
[INFO] [stdout]    |
[INFO] [stdout] 6  | use mz_avro::types::Value;
[INFO] [stdout]    |
[INFO] [stdout] 6  | use serde_json::Value;
[INFO] [stdout]    |
[INFO] [stdout] 
[INFO] [stdout] 
[INFO] [stdout] error[E0433]: failed to resolve: use of undeclared type `Value`
[INFO] [stdout]   --> tests/io.rs:63:111
[INFO] [stdout]    |
[INFO] [stdout] 63 |         (r#"{"type": "array", "items": "int"}"#, "[1, 2, 3]", Value::Array(vec![Value::Int(1), Value::Int(2), Value::Int(3)])),
[INFO] [stdout]    |                                                                                                               ^^^^^ not found in this scope
[INFO] [stdout]    |
[INFO] [stdout] help: consider importing one of these items
[INFO] [stdout]    |
[INFO] [stdout] 6  | use mz_avro::types::Value;
[INFO] [stdout]    |
[INFO] [stdout] 6  | use serde_json::Value;
[INFO] [stdout]    |
[INFO] [stdout] 
[INFO] [stdout] 
[INFO] [stdout] error[E0433]: failed to resolve: use of undeclared type `Value`
[INFO] [stdout]   --> tests/io.rs:64:72
[INFO] [stdout]    |
[INFO] [stdout] 64 | ...   (r#"{"type": "map", "values": "int"}"#, r#"{"a": 1, "b": 2}"#, Value::Map([("a".to_string(), Value::Int(1)), ("b".to_string(), Valu...
[INFO] [stdout]    |                                                                      ^^^^^ not found in this scope
[INFO] [stdout]    |
[INFO] [stdout] help: consider importing one of these items
[INFO] [stdout]    |
[INFO] [stdout] 6  | use mz_avro::types::Value;
[INFO] [stdout]    |
[INFO] [stdout] 6  | use serde_json::Value;
[INFO] [stdout]    |
[INFO] [stdout] 
[INFO] [stdout] 
[INFO] [stdout] error[E0433]: failed to resolve: use of undeclared type `Value`
[INFO] [stdout]   --> tests/io.rs:64:102
[INFO] [stdout]    |
[INFO] [stdout] 64 | ...   (r#"{"type": "map", "values": "int"}"#, r#"{"a": 1, "b": 2}"#, Value::Map([("a".to_string(), Value::Int(1)), ("b".to_string(), Valu...
[INFO] [stdout]    |                                                                                                    ^^^^^ not found in this scope
[INFO] [stdout]    |
[INFO] [stdout] help: consider importing one of these items
[INFO] [stdout]    |
[INFO] [stdout] 6  | use mz_avro::types::Value;
[INFO] [stdout]    |
[INFO] [stdout] 6  | use serde_json::Value;
[INFO] [stdout]    |
[INFO] [stdout] 
[INFO] [stdout] 
[INFO] [stdout] error[E0433]: failed to resolve: use of undeclared type `Value`
[INFO] [stdout]   --> tests/io.rs:64:136
[INFO] [stdout]    |
[INFO] [stdout] 64 | ...("a".to_string(), Value::Int(1)), ("b".to_string(), Value::Int(2))].iter().cloned().collect())),
[INFO] [stdout]    |                                                        ^^^^^ not found in this scope
[INFO] [stdout]    |
[INFO] [stdout] help: consider importing one of these items
[INFO] [stdout]    |
[INFO] [stdout] 6  | use mz_avro::types::Value;
[INFO] [stdout]    |
[INFO] [stdout] 6  | use serde_json::Value;
[INFO] [stdout]    |
[INFO] [stdout] 
[INFO] [stdout] 
[INFO] [stdout] error[E0433]: failed to resolve: use of undeclared type `Value`
[INFO] [stdout]   --> tests/io.rs:66:104
[INFO] [stdout]    |
[INFO] [stdout] 66 | ...   (r#"{"type": "record", "name": "F", "fields": [{"name": "A", "type": "int"}]}"#, r#"{"A": 5}"#,Value::Record(vec![("A".to_string(),...
[INFO] [stdout]    |                                                                                                      ^^^^^ not found in this scope
[INFO] [stdout]    |
[INFO] [stdout] help: consider importing one of these items
[INFO] [stdout]    |
[INFO] [stdout] 6  | use mz_avro::types::Value;
[INFO] [stdout]    |
[INFO] [stdout] 6  | use serde_json::Value;
[INFO] [stdout]    |
[INFO] [stdout] 
[INFO] [stdout] 
[INFO] [stdout] error[E0433]: failed to resolve: use of undeclared type `Value`
[INFO] [stdout]   --> tests/io.rs:66:141
[INFO] [stdout]    |
[INFO] [stdout] 66 | ... r#"{"A": 5}"#,Value::Record(vec![("A".to_string(), Value::Int(5))])),
[INFO] [stdout]    |                                                        ^^^^^ not found in this scope
[INFO] [stdout]    |
[INFO] [stdout] help: consider importing one of these items
[INFO] [stdout]    |
[INFO] [stdout] 6  | use mz_avro::types::Value;
[INFO] [stdout]    |
[INFO] [stdout] 6  | use serde_json::Value;
[INFO] [stdout]    |
[INFO] [stdout] 
[INFO] [stdout] 
[INFO] [stdout] error[E0412]: cannot find type `Value` in this scope
[INFO] [stdout]   --> tests/io.rs:85:35
[INFO] [stdout]    |
[INFO] [stdout] 85 |     static ref LONG_RECORD_DATUM: Value = Value::Record(vec![
[INFO] [stdout]    |                                   ^^^^^ not found in this scope
[INFO] [stdout]    |
[INFO] [stdout] help: consider importing one of these items
[INFO] [stdout]    |
[INFO] [stdout] 6  | use mz_avro::types::Value;
[INFO] [stdout]    |
[INFO] [stdout] 6  | use serde_json::Value;
[INFO] [stdout]    |
[INFO] [stdout] 
[INFO] [stdout] 
[INFO] [stdout] error[E0433]: failed to resolve: use of undeclared type `Value`
[INFO] [stdout]    --> tests/schema.rs:131:50
[INFO] [stdout]     |
[INFO] [stdout] 131 | ...                   ("unionField".into(), Value::Union{index:1, inner:Box::new(Value::Double(0.0)),n_variants:3,null_variant:None}),
[INFO] [stdout]     |                                             ^^^^^ use of undeclared type `Value`
[INFO] [stdout] 
[INFO] [stdout] 
[INFO] [stdout] error[E0433]: failed to resolve: use of undeclared type `Value`
[INFO] [stdout]   --> tests/io.rs:85:43
[INFO] [stdout]    |
[INFO] [stdout] 85 |     static ref LONG_RECORD_DATUM: Value = Value::Record(vec![
[INFO] [stdout]    |                                           ^^^^^ not found in this scope
[INFO] [stdout]    |
[INFO] [stdout] help: consider importing one of these items
[INFO] [stdout]    |
[INFO] [stdout] 6  | use mz_avro::types::Value;
[INFO] [stdout]    |
[INFO] [stdout] 6  | use serde_json::Value;
[INFO] [stdout]    |
[INFO] [stdout] 
[INFO] [stdout] 
[INFO] [stdout] error[E0433]: failed to resolve: use of undeclared type `Value`
[INFO] [stdout]   --> tests/io.rs:86:27
[INFO] [stdout]    |
[INFO] [stdout] 86 |         ("A".to_string(), Value::Int(1)),
[INFO] [stdout]    |                           ^^^^^ not found in this scope
[INFO] [stdout]    |
[INFO] [stdout] help: consider importing one of these items
[INFO] [stdout]    |
[INFO] [stdout] 6  | use mz_avro::types::Value;
[INFO] [stdout]    |
[INFO] [stdout] 6  | use serde_json::Value;
[INFO] [stdout]    |
[INFO] [stdout] 
[INFO] [stdout] 
[INFO] [stdout] error[E0433]: failed to resolve: use of undeclared type `Value`
[INFO] [stdout]   --> tests/io.rs:87:27
[INFO] [stdout]    |
[INFO] [stdout] 87 |         ("B".to_string(), Value::Int(2)),
[INFO] [stdout]    |                           ^^^^^ not found in this scope
[INFO] [stdout]    |
[INFO] [stdout] help: consider importing one of these items
[INFO] [stdout]    |
[INFO] [stdout] 6  | use mz_avro::types::Value;
[INFO] [stdout]    |
[INFO] [stdout] 6  | use serde_json::Value;
[INFO] [stdout]    |
[INFO] [stdout] 
[INFO] [stdout] 
[INFO] [stdout] error[E0433]: failed to resolve: use of undeclared type `Value`
[INFO] [stdout]   --> tests/io.rs:88:27
[INFO] [stdout]    |
[INFO] [stdout] 88 |         ("C".to_string(), Value::Int(3)),
[INFO] [stdout]    |                           ^^^^^ not found in this scope
[INFO] [stdout]    |
[INFO] [stdout] help: consider importing one of these items
[INFO] [stdout]    |
[INFO] [stdout] 6  | use mz_avro::types::Value;
[INFO] [stdout]    |
[INFO] [stdout] 6  | use serde_json::Value;
[INFO] [stdout]    |
[INFO] [stdout] 
[INFO] [stdout] 
[INFO] [stdout] error[E0433]: failed to resolve: use of undeclared type `Value`
[INFO] [stdout]   --> tests/io.rs:89:27
[INFO] [stdout]    |
[INFO] [stdout] 89 |         ("D".to_string(), Value::Int(4)),
[INFO] [stdout]    |                           ^^^^^ not found in this scope
[INFO] [stdout]    |
[INFO] [stdout] help: consider importing one of these items
[INFO] [stdout]    |
[INFO] [stdout] 6  | use mz_avro::types::Value;
[INFO] [stdout]    |
[INFO] [stdout] 6  | use serde_json::Value;
[INFO] [stdout]    |
[INFO] [stdout] 
[INFO] [stdout] 
[INFO] [stdout] error[E0433]: failed to resolve: use of undeclared type `Value`
[INFO] [stdout]   --> tests/io.rs:90:27
[INFO] [stdout]    |
[INFO] [stdout] 90 |         ("E".to_string(), Value::Int(5)),
[INFO] [stdout]    |                           ^^^^^ not found in this scope
[INFO] [stdout]    |
[INFO] [stdout] help: consider importing one of these items
[INFO] [stdout]    |
[INFO] [stdout] 6  | use mz_avro::types::Value;
[INFO] [stdout]    |
[INFO] [stdout] 6  | use serde_json::Value;
[INFO] [stdout]    |
[INFO] [stdout] 
[INFO] [stdout] 
[INFO] [stdout] error[E0433]: failed to resolve: use of undeclared type `Value`
[INFO] [stdout]   --> tests/io.rs:91:27
[INFO] [stdout]    |
[INFO] [stdout] 91 |         ("F".to_string(), Value::Int(6)),
[INFO] [stdout]    |                           ^^^^^ not found in this scope
[INFO] [stdout]    |
[INFO] [stdout] help: consider importing one of these items
[INFO] [stdout]    |
[INFO] [stdout] 6  | use mz_avro::types::Value;
[INFO] [stdout]    |
[INFO] [stdout] 6  | use serde_json::Value;
[INFO] [stdout]    |
[INFO] [stdout] 
[INFO] [stdout] 
[INFO] [stdout] error[E0433]: failed to resolve: use of undeclared type `Value`
[INFO] [stdout]   --> tests/io.rs:92:27
[INFO] [stdout]    |
[INFO] [stdout] 92 |         ("G".to_string(), Value::Int(7)),
[INFO] [stdout]    |                           ^^^^^ not found in this scope
[INFO] [stdout]    |
[INFO] [stdout] help: consider importing one of these items
[INFO] [stdout]    |
[INFO] [stdout] 6  | use mz_avro::types::Value;
[INFO] [stdout]    |
[INFO] [stdout] 6  | use serde_json::Value;
[INFO] [stdout]    |
[INFO] [stdout] 
[INFO] [stdout] 
[INFO] [stdout] error[E0433]: failed to resolve: use of undeclared type `Value`
[INFO] [stdout]    --> tests/io.rs:122:13
[INFO] [stdout]     |
[INFO] [stdout] 122 |             Value::Int(*number as i32),
[INFO] [stdout]     |             ^^^^^ not found in this scope
[INFO] [stdout]     |
[INFO] [stdout] help: consider importing one of these items
[INFO] [stdout]     |
[INFO] [stdout] 6   | use mz_avro::types::Value;
[INFO] [stdout]     |
[INFO] [stdout] 6   | use serde_json::Value;
[INFO] [stdout]     |
[INFO] [stdout] 
[INFO] [stdout] 
[INFO] [stdout] error[E0433]: failed to resolve: use of undeclared type `Value`
[INFO] [stdout]    --> tests/io.rs:134:13
[INFO] [stdout]     |
[INFO] [stdout] 134 |             Value::Long(*number as i64),
[INFO] [stdout]     |             ^^^^^ not found in this scope
[INFO] [stdout]     |
[INFO] [stdout] help: consider importing one of these items
[INFO] [stdout]     |
[INFO] [stdout] 6   | use mz_avro::types::Value;
[INFO] [stdout]     |
[INFO] [stdout] 6   | use serde_json::Value;
[INFO] [stdout]     |
[INFO] [stdout] 
[INFO] [stdout] 
[INFO] [stdout] error[E0433]: failed to resolve: use of undeclared type `Value`
[INFO] [stdout]    --> tests/io.rs:147:9
[INFO] [stdout]     |
[INFO] [stdout] 147 |         Value::Int(219),
[INFO] [stdout]     |         ^^^^^ not found in this scope
[INFO] [stdout]     |
[INFO] [stdout] help: consider importing one of these items
[INFO] [stdout]     |
[INFO] [stdout] 6   | use mz_avro::types::Value;
[INFO] [stdout]     |
[INFO] [stdout] 6   | use serde_json::Value;
[INFO] [stdout]     |
[INFO] [stdout] 
[INFO] [stdout] 
[INFO] [stdout] error[E0433]: failed to resolve: use of undeclared type `Value`
[INFO] [stdout]    --> tests/io.rs:148:9
[INFO] [stdout]     |
[INFO] [stdout] 148 |         Value::Long(219),
[INFO] [stdout]     |         ^^^^^ not found in this scope
[INFO] [stdout]     |
[INFO] [stdout] help: consider importing one of these items
[INFO] [stdout]     |
[INFO] [stdout] 6   | use mz_avro::types::Value;
[INFO] [stdout]     |
[INFO] [stdout] 6   | use serde_json::Value;
[INFO] [stdout]     |
[INFO] [stdout] 
[INFO] [stdout] 
[INFO] [stdout] error[E0433]: failed to resolve: use of undeclared type `Value`
[INFO] [stdout]    --> tests/io.rs:149:9
[INFO] [stdout]     |
[INFO] [stdout] 149 |         Value::Float(219.0),
[INFO] [stdout]     |         ^^^^^ not found in this scope
[INFO] [stdout]     |
[INFO] [stdout] help: consider importing one of these items
[INFO] [stdout]     |
[INFO] [stdout] 6   | use mz_avro::types::Value;
[INFO] [stdout]     |
[INFO] [stdout] 6   | use serde_json::Value;
[INFO] [stdout]     |
[INFO] [stdout] 
[INFO] [stdout] 
[INFO] [stdout] error[E0433]: failed to resolve: use of undeclared type `Value`
[INFO] [stdout]    --> tests/io.rs:150:9
[INFO] [stdout]     |
[INFO] [stdout] 150 |         Value::Double(219.0),
[INFO] [stdout]     |         ^^^^^ not found in this scope
[INFO] [stdout]     |
[INFO] [stdout] help: consider importing one of these items
[INFO] [stdout]     |
[INFO] [stdout] 6   | use mz_avro::types::Value;
[INFO] [stdout]     |
[INFO] [stdout] 6   | use serde_json::Value;
[INFO] [stdout]     |
[INFO] [stdout] 
[INFO] [stdout] 
[INFO] [stdout] error[E0425]: cannot find function `resolve_schemas` in this scope
[INFO] [stdout]    --> tests/io.rs:158:35
[INFO] [stdout]     |
[INFO] [stdout] 158 |             let resolved_schema = resolve_schemas(&writer_schema, &reader_schema).unwrap();
[INFO] [stdout]     |                                   ^^^^^^^^^^^^^^^ not found in this scope
[INFO] [stdout]     |
[INFO] [stdout] help: consider importing this function
[INFO] [stdout]     |
[INFO] [stdout] 6   | use mz_avro::schema::resolve_schemas;
[INFO] [stdout]     |
[INFO] [stdout] 
[INFO] [stdout] 
[INFO] [stdout] error[E0433]: failed to resolve: use of undeclared type `Value`
[INFO] [stdout]    --> tests/io.rs:179:26
[INFO] [stdout]     |
[INFO] [stdout] 179 |     let original_value = Value::Enum(0, "FOO".to_string());
[INFO] [stdout]     |                          ^^^^^ not found in this scope
[INFO] [stdout]     |
[INFO] [stdout] help: consider importing one of these items
[INFO] [stdout]     |
[INFO] [stdout] 6   | use mz_avro::types::Value;
[INFO] [stdout]     |
[INFO] [stdout] 6   | use serde_json::Value;
[INFO] [stdout]     |
[INFO] [stdout] 
[INFO] [stdout] 
[INFO] [stdout] error[E0425]: cannot find function `resolve_schemas` in this scope
[INFO] [stdout]    --> tests/io.rs:181:27
[INFO] [stdout]     |
[INFO] [stdout] 181 |     let resolved_schema = resolve_schemas(&writer_schema, &reader_schema).unwrap();
[INFO] [stdout]     |                           ^^^^^^^^^^^^^^^ not found in this scope
[INFO] [stdout]     |
[INFO] [stdout] help: consider importing this function
[INFO] [stdout]     |
[INFO] [stdout] 6   | use mz_avro::schema::resolve_schemas;
[INFO] [stdout]     |
[INFO] [stdout] 
[INFO] [stdout] 
[INFO] [stdout] error[E0433]: failed to resolve: use of undeclared type `Value`
[INFO] [stdout]    --> tests/io.rs:200:29
[INFO] [stdout]     |
[INFO] [stdout] 200 |         let datum_to_read = Value::Record(vec![("H".to_string(), default_datum.clone())]);
[INFO] [stdout]     |                             ^^^^^ not found in this scope
[INFO] [stdout]     |
[INFO] [stdout] help: consider importing one of these items
[INFO] [stdout]     |
[INFO] [stdout] 6   | use mz_avro::types::Value;
[INFO] [stdout]     |
[INFO] [stdout] 6   | use serde_json::Value;
[INFO] [stdout]     |
[INFO] [stdout] 
[INFO] [stdout] 
[INFO] [stdout] error[E0425]: cannot find function `resolve_schemas` in this scope
[INFO] [stdout]    --> tests/io.rs:202:31
[INFO] [stdout]     |
[INFO] [stdout] 202 |         let resolved_schema = resolve_schemas(&LONG_RECORD_SCHEMA, &reader_schema).unwrap();
[INFO] [stdout]     |                               ^^^^^^^^^^^^^^^ not found in this scope
[INFO] [stdout]     |
[INFO] [stdout] help: consider importing this function
[INFO] [stdout]     |
[INFO] [stdout] 6   | use mz_avro::schema::resolve_schemas;
[INFO] [stdout]     |
[INFO] [stdout] 
[INFO] [stdout] 
[INFO] [stdout] error[E0425]: cannot find function `resolve_schemas` in this scope
[INFO] [stdout]    --> tests/io.rs:224:27
[INFO] [stdout]     |
[INFO] [stdout] 224 |     let resolved_schema = resolve_schemas(&LONG_RECORD_SCHEMA, &reader_schema);
[INFO] [stdout]     |                           ^^^^^^^^^^^^^^^ not found in this scope
[INFO] [stdout]     |
[INFO] [stdout] help: consider importing this function
[INFO] [stdout]     |
[INFO] [stdout] 6   | use mz_avro::schema::resolve_schemas;
[INFO] [stdout]     |
[INFO] [stdout] 
[INFO] [stdout] 
[INFO] [stdout] error[E0425]: cannot find function `resolve_schemas` in this scope
[INFO] [stdout]    --> tests/io.rs:257:5
[INFO] [stdout]     |
[INFO] [stdout] 257 |     resolve_schemas(&writer_schema, &reader_schema).unwrap();
[INFO] [stdout]     |     ^^^^^^^^^^^^^^^ not found in this scope
[INFO] [stdout]     |
[INFO] [stdout] help: consider importing this function
[INFO] [stdout]     |
[INFO] [stdout] 6   | use mz_avro::schema::resolve_schemas;
[INFO] [stdout]     |
[INFO] [stdout] 
[INFO] [stdout] 
[INFO] [stdout] error[E0433]: failed to resolve: use of undeclared type `Value`
[INFO] [stdout]    --> tests/io.rs:365:26
[INFO] [stdout]     |
[INFO] [stdout] 365 |     let datum_to_write = Value::Record(vec![
[INFO] [stdout]     |                          ^^^^^ not found in this scope
[INFO] [stdout]     |
[INFO] [stdout] help: consider importing one of these items
[INFO] [stdout]     |
[INFO] [stdout] 6   | use mz_avro::types::Value;
[INFO] [stdout]     |
[INFO] [stdout] 6   | use serde_json::Value;
[INFO] [stdout]     |
[INFO] [stdout] 
[INFO] [stdout] 
[INFO] [stdout] error[E0433]: failed to resolve: use of undeclared type `Value`
[INFO] [stdout]    --> tests/io.rs:366:23
[INFO] [stdout]     |
[INFO] [stdout] 366 |         ("f1".into(), Value::Int(1000)),
[INFO] [stdout]     |                       ^^^^^ not found in this scope
[INFO] [stdout]     |
[INFO] [stdout] help: consider importing one of these items
[INFO] [stdout]     |
[INFO] [stdout] 6   | use mz_avro::types::Value;
[INFO] [stdout]     |
[INFO] [stdout] 6   | use serde_json::Value;
[INFO] [stdout]     |
[INFO] [stdout] 
[INFO] [stdout] 
[INFO] [stdout] error[E0433]: failed to resolve: use of undeclared type `Value`
[INFO] [stdout]    --> tests/io.rs:369:13
[INFO] [stdout]     |
[INFO] [stdout] 369 |             Value::Timestamp(NaiveDateTime::from_timestamp(12345, 0)),
[INFO] [stdout]     |             ^^^^^ not found in this scope
[INFO] [stdout]     |
[INFO] [stdout] help: consider importing one of these items
[INFO] [stdout]     |
[INFO] [stdout] 6   | use mz_avro::types::Value;
[INFO] [stdout]     |
[INFO] [stdout] 6   | use serde_json::Value;
[INFO] [stdout]     |
[INFO] [stdout] 
[INFO] [stdout] 
[INFO] [stdout] error[E0433]: failed to resolve: use of undeclared type `Value`
[INFO] [stdout]    --> tests/io.rs:371:23
[INFO] [stdout]     |
[INFO] [stdout] 371 |         ("f3".into(), Value::Long(23456000)),
[INFO] [stdout]     |                       ^^^^^ not found in this scope
[INFO] [stdout]     |
[INFO] [stdout] help: consider importing one of these items
[INFO] [stdout]     |
[INFO] [stdout] 6   | use mz_avro::types::Value;
[INFO] [stdout]     |
[INFO] [stdout] 6   | use serde_json::Value;
[INFO] [stdout]     |
[INFO] [stdout] 
[INFO] [stdout] 
[INFO] [stdout] error[E0433]: failed to resolve: use of undeclared type `Value`
[INFO] [stdout]    --> tests/io.rs:374:13
[INFO] [stdout]     |
[INFO] [stdout] 374 |             Value::Timestamp(NaiveDateTime::from_timestamp(34567, 0)),
[INFO] [stdout]     |             ^^^^^ not found in this scope
[INFO] [stdout]     |
[INFO] [stdout] help: consider importing one of these items
[INFO] [stdout]     |
[INFO] [stdout] 6   | use mz_avro::types::Value;
[INFO] [stdout]     |
[INFO] [stdout] 6   | use serde_json::Value;
[INFO] [stdout]     |
[INFO] [stdout] 
[INFO] [stdout] 
[INFO] [stdout] error[E0433]: failed to resolve: use of undeclared type `Value`
[INFO] [stdout]    --> tests/io.rs:376:23
[INFO] [stdout]     |
[INFO] [stdout] 376 |         ("f5".into(), Value::Int(365 * 2)),
[INFO] [stdout]     |                       ^^^^^ not found in this scope
[INFO] [stdout]     |
[INFO] [stdout] help: consider importing one of these items
[INFO] [stdout]     |
[INFO] [stdout] 6   | use mz_avro::types::Value;
[INFO] [stdout]     |
[INFO] [stdout] 6   | use serde_json::Value;
[INFO] [stdout]     |
[INFO] [stdout] 
[INFO] [stdout] 
[INFO] [stdout] error[E0433]: failed to resolve: use of undeclared type `Value`
[INFO] [stdout]    --> tests/io.rs:377:23
[INFO] [stdout]     |
[INFO] [stdout] 377 |         ("f6".into(), Value::Date(NaiveDate::from_ymd(1973, 1, 1))),
[INFO] [stdout]     |                       ^^^^^ not found in this scope
[INFO] [stdout]     |
[INFO] [stdout] help: consider importing one of these items
[INFO] [stdout]     |
[INFO] [stdout] 6   | use mz_avro::types::Value;
[INFO] [stdout]     |
[INFO] [stdout] 6   | use serde_json::Value;
[INFO] [stdout]     |
[INFO] [stdout] 
[INFO] [stdout] 
[INFO] [stdout] error[E0433]: failed to resolve: use of undeclared type `Value`
[INFO] [stdout]    --> tests/schema.rs:139:45
[INFO] [stdout]     |
[INFO] [stdout] 139 | ...   Value::Record(vec![("addr".into(), Value::Union{index:1, inner:Box::new(Value::Fixed(4, vec![0, 0, 0, 0])),n_variants:2,null_varian...
[INFO] [stdout]     |                                          ^^^^^ use of undeclared type `Value`
[INFO] [stdout] 
[INFO] [stdout] 
[INFO] [stdout] error[E0433]: failed to resolve: use of undeclared type `Value`
[INFO] [stdout]    --> tests/io.rs:378:23
[INFO] [stdout]     |
[INFO] [stdout] 378 |         ("f7".into(), Value::Date(NaiveDate::from_ymd(1974, 1, 1))),
[INFO] [stdout]     |                       ^^^^^ not found in this scope
[INFO] [stdout]     |
[INFO] [stdout] help: consider importing one of these items
[INFO] [stdout]     |
[INFO] [stdout] 6   | use mz_avro::types::Value;
[INFO] [stdout]     |
[INFO] [stdout] 6   | use serde_json::Value;
[INFO] [stdout]     |
[INFO] [stdout] 
[INFO] [stdout] 
[INFO] [stdout] error[E0433]: failed to resolve: use of undeclared type `Value`
[INFO] [stdout]    --> tests/io.rs:380:25
[INFO] [stdout]     |
[INFO] [stdout] 380 |     let datum_to_read = Value::Record(vec![
[INFO] [stdout]     |                         ^^^^^ not found in this scope
[INFO] [stdout]     |
[INFO] [stdout] help: consider importing one of these items
[INFO] [stdout]     |
[INFO] [stdout] 6   | use mz_avro::types::Value;
[INFO] [stdout]     |
[INFO] [stdout] 6   | use serde_json::Value;
[INFO] [stdout]     |
[INFO] [stdout] 
[INFO] [stdout] 
[INFO] [stdout] error[E0433]: failed to resolve: use of undeclared type `Value`
[INFO] [stdout]    --> tests/io.rs:383:13
[INFO] [stdout]     |
[INFO] [stdout] 383 |             Value::Timestamp(NaiveDateTime::from_timestamp(1, 0)),
[INFO] [stdout]     |             ^^^^^ not found in this scope
[INFO] [stdout]     |
[INFO] [stdout] help: consider importing one of these items
[INFO] [stdout]     |
[INFO] [stdout] 6   | use mz_avro::types::Value;
[INFO] [stdout]     |
[INFO] [stdout] 6   | use serde_json::Value;
[INFO] [stdout]     |
[INFO] [stdout] 
[INFO] [stdout] 
[INFO] [stdout] error[E0433]: failed to resolve: use of undeclared type `Value`
[INFO] [stdout]    --> tests/io.rs:387:13
[INFO] [stdout]     |
[INFO] [stdout] 387 |             Value::Timestamp(NaiveDateTime::from_timestamp(12345, 0)),
[INFO] [stdout]     |             ^^^^^ not found in this scope
[INFO] [stdout]     |
[INFO] [stdout] help: consider importing one of these items
[INFO] [stdout]     |
[INFO] [stdout] 6   | use mz_avro::types::Value;
[INFO] [stdout]     |
[INFO] [stdout] 6   | use serde_json::Value;
[INFO] [stdout]     |
[INFO] [stdout] 
[INFO] [stdout] 
[INFO] [stdout] error[E0433]: failed to resolve: use of undeclared type `Value`
[INFO] [stdout]    --> tests/io.rs:391:13
[INFO] [stdout]     |
[INFO] [stdout] 391 |             Value::Timestamp(NaiveDateTime::from_timestamp(23456, 0)),
[INFO] [stdout]     |             ^^^^^ not found in this scope
[INFO] [stdout]     |
[INFO] [stdout] help: consider importing one of these items
[INFO] [stdout]     |
[INFO] [stdout] 6   | use mz_avro::types::Value;
[INFO] [stdout]     |
[INFO] [stdout] 6   | use serde_json::Value;
[INFO] [stdout]     |
[INFO] [stdout] 
[INFO] [stdout] 
[INFO] [stdout] error[E0433]: failed to resolve: use of undeclared type `Value`
[INFO] [stdout]    --> tests/io.rs:393:23
[INFO] [stdout]     |
[INFO] [stdout] 393 |         ("f4".into(), Value::Long(34567000000)),
[INFO] [stdout]     |                       ^^^^^ not found in this scope
[INFO] [stdout]     |
[INFO] [stdout] help: consider importing one of these items
[INFO] [stdout]     |
[INFO] [stdout] 6   | use mz_avro::types::Value;
[INFO] [stdout]     |
[INFO] [stdout] 6   | use serde_json::Value;
[INFO] [stdout]     |
[INFO] [stdout] 
[INFO] [stdout] 
[INFO] [stdout] error[E0433]: failed to resolve: use of undeclared type `Value`
[INFO] [stdout]    --> tests/io.rs:394:23
[INFO] [stdout]     |
[INFO] [stdout] 394 |         ("f5".into(), Value::Date(NaiveDate::from_ymd(1972, 1, 1))),
[INFO] [stdout]     |                       ^^^^^ not found in this scope
[INFO] [stdout]     |
[INFO] [stdout] help: consider importing one of these items
[INFO] [stdout]     |
[INFO] [stdout] 6   | use mz_avro::types::Value;
[INFO] [stdout]     |
[INFO] [stdout] 6   | use serde_json::Value;
[INFO] [stdout]     |
[INFO] [stdout] 
[INFO] [stdout] 
[INFO] [stdout] error[E0433]: failed to resolve: use of undeclared type `Value`
[INFO] [stdout]    --> tests/io.rs:395:23
[INFO] [stdout]     |
[INFO] [stdout] 395 |         ("f6".into(), Value::Int(365 * 3 + 1)), // +1 because 1972 was a leap year
[INFO] [stdout]     |                       ^^^^^ not found in this scope
[INFO] [stdout]     |
[INFO] [stdout] help: consider importing one of these items
[INFO] [stdout]     |
[INFO] [stdout] 6   | use mz_avro::types::Value;
[INFO] [stdout]     |
[INFO] [stdout] 6   | use serde_json::Value;
[INFO] [stdout]     |
[INFO] [stdout] 
[INFO] [stdout] 
[INFO] [stdout] error[E0433]: failed to resolve: use of undeclared type `Value`
[INFO] [stdout]    --> tests/io.rs:398:13
[INFO] [stdout]     |
[INFO] [stdout] 398 |             Value::Timestamp(NaiveDate::from_ymd(1974, 1, 1).and_hms(0, 0, 0)),
[INFO] [stdout]     |             ^^^^^ not found in this scope
[INFO] [stdout]     |
[INFO] [stdout] help: consider importing one of these items
[INFO] [stdout]     |
[INFO] [stdout] 6   | use mz_avro::types::Value;
[INFO] [stdout]     |
[INFO] [stdout] 6   | use serde_json::Value;
[INFO] [stdout]     |
[INFO] [stdout] 
[INFO] [stdout] 
[INFO] [stdout] error[E0425]: cannot find function `resolve_schemas` in this scope
[INFO] [stdout]    --> tests/io.rs:402:27
[INFO] [stdout]     |
[INFO] [stdout] 402 |     let resolved_schema = resolve_schemas(&writer_schema, &reader_schema).unwrap();
[INFO] [stdout]     |                           ^^^^^^^^^^^^^^^ not found in this scope
[INFO] [stdout]     |
[INFO] [stdout] help: consider importing this function
[INFO] [stdout]     |
[INFO] [stdout] 6   | use mz_avro::schema::resolve_schemas;
[INFO] [stdout]     |
[INFO] [stdout] 
[INFO] [stdout] 
[INFO] [stdout] error[E0433]: failed to resolve: use of undeclared type `Value`
[INFO] [stdout]    --> tests/io.rs:422:25
[INFO] [stdout]     |
[INFO] [stdout] 422 |     let datum_to_read = Value::Record(vec![
[INFO] [stdout]     |                         ^^^^^ not found in this scope
[INFO] [stdout]     |
[INFO] [stdout] help: consider importing one of these items
[INFO] [stdout]     |
[INFO] [stdout] 6   | use mz_avro::types::Value;
[INFO] [stdout]     |
[INFO] [stdout] 6   | use serde_json::Value;
[INFO] [stdout]     |
[INFO] [stdout] 
[INFO] [stdout] 
[INFO] [stdout] error[E0433]: failed to resolve: use of undeclared type `Value`
[INFO] [stdout]    --> tests/io.rs:423:27
[INFO] [stdout]     |
[INFO] [stdout] 423 |         ("E".to_string(), Value::Int(5)),
[INFO] [stdout]     |                           ^^^^^ not found in this scope
[INFO] [stdout]     |
[INFO] [stdout] help: consider importing one of these items
[INFO] [stdout]     |
[INFO] [stdout] 6   | use mz_avro::types::Value;
[INFO] [stdout]     |
[INFO] [stdout] 6   | use serde_json::Value;
[INFO] [stdout]     |
[INFO] [stdout] 
[INFO] [stdout] 
[INFO] [stdout] error[E0433]: failed to resolve: use of undeclared type `Value`
[INFO] [stdout]    --> tests/io.rs:424:27
[INFO] [stdout]     |
[INFO] [stdout] 424 |         ("F".to_string(), Value::Int(6)),
[INFO] [stdout]     |                           ^^^^^ not found in this scope
[INFO] [stdout]     |
[INFO] [stdout] help: consider importing one of these items
[INFO] [stdout]     |
[INFO] [stdout] 6   | use mz_avro::types::Value;
[INFO] [stdout]     |
[INFO] [stdout] 6   | use serde_json::Value;
[INFO] [stdout]     |
[INFO] [stdout] 
[INFO] [stdout] 
[INFO] [stdout] error[E0425]: cannot find function `resolve_schemas` in this scope
[INFO] [stdout]    --> tests/io.rs:427:27
[INFO] [stdout]     |
[INFO] [stdout] 427 |     let resolved_schema = resolve_schemas(&LONG_RECORD_SCHEMA, &reader_schema).unwrap();
[INFO] [stdout]     |                           ^^^^^^^^^^^^^^^ not found in this scope
[INFO] [stdout]     |
[INFO] [stdout] help: consider importing this function
[INFO] [stdout]     |
[INFO] [stdout] 6   | use mz_avro::schema::resolve_schemas;
[INFO] [stdout]     |
[INFO] [stdout] 
[INFO] [stdout] 
[INFO] [stdout] error[E0433]: failed to resolve: use of undeclared type `Value`
[INFO] [stdout]    --> tests/io.rs:447:25
[INFO] [stdout]     |
[INFO] [stdout] 447 |     let datum_to_read = Value::Record(vec![
[INFO] [stdout]     |                         ^^^^^ not found in this scope
[INFO] [stdout]     |
[INFO] [stdout] help: consider importing one of these items
[INFO] [stdout]     |
[INFO] [stdout] 6   | use mz_avro::types::Value;
[INFO] [stdout]     |
[INFO] [stdout] 6   | use serde_json::Value;
[INFO] [stdout]     |
[INFO] [stdout] 
[INFO] [stdout] 
[INFO] [stdout] error[E0433]: failed to resolve: use of undeclared type `Value`
[INFO] [stdout]    --> tests/io.rs:448:27
[INFO] [stdout]     |
[INFO] [stdout] 448 |         ("F".to_string(), Value::Int(6)),
[INFO] [stdout]     |                           ^^^^^ not found in this scope
[INFO] [stdout]     |
[INFO] [stdout] help: consider importing one of these items
[INFO] [stdout]     |
[INFO] [stdout] 6   | use mz_avro::types::Value;
[INFO] [stdout]     |
[INFO] [stdout] 6   | use serde_json::Value;
[INFO] [stdout]     |
[INFO] [stdout] 
[INFO] [stdout] 
[INFO] [stdout] error[E0433]: failed to resolve: use of undeclared type `Value`
[INFO] [stdout]    --> tests/io.rs:449:27
[INFO] [stdout]     |
[INFO] [stdout] 449 |         ("E".to_string(), Value::Int(5)),
[INFO] [stdout]     |                           ^^^^^ not found in this scope
[INFO] [stdout]     |
[INFO] [stdout] help: consider importing one of these items
[INFO] [stdout]     |
[INFO] [stdout] 6   | use mz_avro::types::Value;
[INFO] [stdout]     |
[INFO] [stdout] 6   | use serde_json::Value;
[INFO] [stdout]     |
[INFO] [stdout] 
[INFO] [stdout] 
[INFO] [stdout] error[E0425]: cannot find function `resolve_schemas` in this scope
[INFO] [stdout]    --> tests/io.rs:452:27
[INFO] [stdout]     |
[INFO] [stdout] 452 |     let resolved_schema = resolve_schemas(&LONG_RECORD_SCHEMA, &reader_schema).unwrap();
[INFO] [stdout]     |                           ^^^^^^^^^^^^^^^ not found in this scope
[INFO] [stdout]     |
[INFO] [stdout] help: consider importing this function
[INFO] [stdout]     |
[INFO] [stdout] 6   | use mz_avro::schema::resolve_schemas;
[INFO] [stdout]     |
[INFO] [stdout] 
[INFO] [stdout] 
[INFO] [stdout] error[E0433]: failed to resolve: use of undeclared type `Value`
[INFO] [stdout]    --> tests/io.rs:472:26
[INFO] [stdout]     |
[INFO] [stdout] 472 |     let datum_to_write = Value::Record(vec![
[INFO] [stdout]     |                          ^^^^^ not found in this scope
[INFO] [stdout]     |
[INFO] [stdout] help: consider importing one of these items
[INFO] [stdout]     |
[INFO] [stdout] 6   | use mz_avro::types::Value;
[INFO] [stdout]     |
[INFO] [stdout] 6   | use serde_json::Value;
[INFO] [stdout]     |
[INFO] [stdout] 
[INFO] [stdout] 
[INFO] [stdout] error[E0433]: failed to resolve: use of undeclared type `Value`
[INFO] [stdout]    --> tests/io.rs:473:27
[INFO] [stdout]     |
[INFO] [stdout] 473 |         ("E".to_string(), Value::Int(5)),
[INFO] [stdout]     |                           ^^^^^ not found in this scope
[INFO] [stdout]     |
[INFO] [stdout] help: consider importing one of these items
[INFO] [stdout]     |
[INFO] [stdout] 6   | use mz_avro::types::Value;
[INFO] [stdout]     |
[INFO] [stdout] 6   | use serde_json::Value;
[INFO] [stdout]     |
[INFO] [stdout] 
[INFO] [stdout] 
[INFO] [stdout] error[E0433]: failed to resolve: use of undeclared type `Value`
[INFO] [stdout]    --> tests/io.rs:474:27
[INFO] [stdout]     |
[INFO] [stdout] 474 |         ("F".to_string(), Value::String(String::from("Bad"))),
[INFO] [stdout]     |                           ^^^^^ not found in this scope
[INFO] [stdout]     |
[INFO] [stdout] help: consider importing one of these items
[INFO] [stdout]     |
[INFO] [stdout] 6   | use mz_avro::types::Value;
[INFO] [stdout]     |
[INFO] [stdout] 6   | use serde_json::Value;
[INFO] [stdout]     |
[INFO] [stdout] 
[INFO] [stdout] 
[INFO] [stdout] error[E0433]: failed to resolve: use of undeclared type `Value`
[INFO] [stdout]    --> tests/io.rs:504:26
[INFO] [stdout]     |
[INFO] [stdout] 504 |     let datum_to_write = Value::Record(vec![(
[INFO] [stdout]     |                          ^^^^^ not found in this scope
[INFO] [stdout]     |
[INFO] [stdout] help: consider importing one of these items
[INFO] [stdout]     |
[INFO] [stdout] 6   | use mz_avro::types::Value;
[INFO] [stdout]     |
[INFO] [stdout] 6   | use serde_json::Value;
[INFO] [stdout]     |
[INFO] [stdout] 
[INFO] [stdout] 
[INFO] [stdout] error[E0433]: failed to resolve: use of undeclared type `Value`
[INFO] [stdout]    --> tests/io.rs:508:29
[INFO] [stdout]     |
[INFO] [stdout] 508 |             inner: Box::new(Value::Record(vec![(
[INFO] [stdout]     |                             ^^^^^ not found in this scope
[INFO] [stdout]     |
[INFO] [stdout] help: consider importing one of these items
[INFO] [stdout]     |
[INFO] [stdout] 6   | use mz_avro::types::Value;
[INFO] [stdout]     |
[INFO] [stdout] 6   | use serde_json::Value;
[INFO] [stdout]     |
[INFO] [stdout] 
[INFO] [stdout] 
[INFO] [stdout] error[E0433]: failed to resolve: use of undeclared type `Value`
[INFO] [stdout]    --> tests/io.rs:572:26
[INFO] [stdout]     |
[INFO] [stdout] 572 |     let datum_to_write = Value::Record(vec![
[INFO] [stdout]     |                          ^^^^^ not found in this scope
[INFO] [stdout]     |
[INFO] [stdout] help: consider importing one of these items
[INFO] [stdout]     |
[INFO] [stdout] 6   | use mz_avro::types::Value;
[INFO] [stdout]     |
[INFO] [stdout] 6   | use serde_json::Value;
[INFO] [stdout]     |
[INFO] [stdout] 
[INFO] [stdout] 
[INFO] [stdout] error[E0433]: failed to resolve: use of undeclared type `Value`
[INFO] [stdout]    --> tests/io.rs:575:13
[INFO] [stdout]     |
[INFO] [stdout] 575 |             Value::Array(vec![
[INFO] [stdout]     |             ^^^^^ not found in this scope
[INFO] [stdout]     |
[INFO] [stdout] help: consider importing one of these items
[INFO] [stdout]     |
[INFO] [stdout] 6   | use mz_avro::types::Value;
[INFO] [stdout]     |
[INFO] [stdout] 6   | use serde_json::Value;
[INFO] [stdout]     |
[INFO] [stdout] 
[INFO] [stdout] 
[INFO] [stdout] error[E0433]: failed to resolve: use of undeclared type `Value`
[INFO] [stdout]    --> tests/io.rs:576:17
[INFO] [stdout]     |
[INFO] [stdout] 576 |                 Value::Record(vec![
[INFO] [stdout]     |                 ^^^^^ not found in this scope
[INFO] [stdout]     |
[INFO] [stdout] help: consider importing one of these items
[INFO] [stdout]     |
[INFO] [stdout] 6   | use mz_avro::types::Value;
[INFO] [stdout]     |
[INFO] [stdout] 6   | use serde_json::Value;
[INFO] [stdout]     |
[INFO] [stdout] 
[INFO] [stdout] 
[INFO] [stdout] error[E0433]: failed to resolve: use of undeclared type `Value`
[INFO] [stdout]    --> tests/io.rs:577:39
[INFO] [stdout]     |
[INFO] [stdout] 577 |                     ("f3".to_owned(), Value::String("s1".to_owned())),
[INFO] [stdout]     |                                       ^^^^^ not found in this scope
[INFO] [stdout]     |
[INFO] [stdout] help: consider importing one of these items
[INFO] [stdout]     |
[INFO] [stdout] 6   | use mz_avro::types::Value;
[INFO] [stdout]     |
[INFO] [stdout] 6   | use serde_json::Value;
[INFO] [stdout]     |
[INFO] [stdout] 
[INFO] [stdout] 
[INFO] [stdout] error[E0433]: failed to resolve: use of undeclared type `Value`
[INFO] [stdout]    --> tests/io.rs:578:39
[INFO] [stdout]     |
[INFO] [stdout] 578 |                     ("f4".to_owned(), Value::String("s2".to_owned())),
[INFO] [stdout]     |                                       ^^^^^ not found in this scope
[INFO] [stdout]     |
[INFO] [stdout] help: consider importing one of these items
[INFO] [stdout]     |
[INFO] [stdout] 6   | use mz_avro::types::Value;
[INFO] [stdout]     |
[INFO] [stdout] 6   | use serde_json::Value;
[INFO] [stdout]     |
[INFO] [stdout] 
[INFO] [stdout] 
[INFO] [stdout] error[E0433]: failed to resolve: use of undeclared type `Value`
[INFO] [stdout]    --> tests/io.rs:583:45
[INFO] [stdout]     |
[INFO] [stdout] 583 | ...                   inner: Box::new(Value::Double(1.234)),
[INFO] [stdout]     |                                       ^^^^^ not found in this scope
[INFO] [stdout]     |
[INFO] [stdout] help: consider importing one of these items
[INFO] [stdout]     |
[INFO] [stdout] 6   | use mz_avro::types::Value;
[INFO] [stdout]     |
[INFO] [stdout] 6   | use serde_json::Value;
[INFO] [stdout]     |
[INFO] [stdout] 
[INFO] [stdout] 
[INFO] [stdout] error[E0433]: failed to resolve: use of undeclared type `Value`
[INFO] [stdout]    --> tests/io.rs:589:17
[INFO] [stdout]     |
[INFO] [stdout] 589 |                 Value::Record(vec![
[INFO] [stdout]     |                 ^^^^^ not found in this scope
[INFO] [stdout]     |
[INFO] [stdout] help: consider importing one of these items
[INFO] [stdout]     |
[INFO] [stdout] 6   | use mz_avro::types::Value;
[INFO] [stdout]     |
[INFO] [stdout] 6   | use serde_json::Value;
[INFO] [stdout]     |
[INFO] [stdout] 
[INFO] [stdout] 
[INFO] [stdout] error[E0433]: failed to resolve: use of undeclared type `Value`
[INFO] [stdout]    --> tests/io.rs:590:39
[INFO] [stdout]     |
[INFO] [stdout] 590 |                     ("f3".to_owned(), Value::String("s3".to_owned())),
[INFO] [stdout]     |                                       ^^^^^ not found in this scope
[INFO] [stdout]     |
[INFO] [stdout] help: consider importing one of these items
[INFO] [stdout]     |
[INFO] [stdout] 6   | use mz_avro::types::Value;
[INFO] [stdout]     |
[INFO] [stdout] 6   | use serde_json::Value;
[INFO] [stdout]     |
[INFO] [stdout] 
[INFO] [stdout] 
[INFO] [stdout] error[E0433]: failed to resolve: use of undeclared type `Value`
[INFO] [stdout]    --> tests/io.rs:591:39
[INFO] [stdout]     |
[INFO] [stdout] 591 |                     ("f4".to_owned(), Value::String("s4".to_owned())),
[INFO] [stdout]     |                                       ^^^^^ not found in this scope
[INFO] [stdout]     |
[INFO] [stdout] help: consider importing one of these items
[INFO] [stdout]     |
[INFO] [stdout] 6   | use mz_avro::types::Value;
[INFO] [stdout]     |
[INFO] [stdout] 6   | use serde_json::Value;
[INFO] [stdout]     |
[INFO] [stdout] 
[INFO] [stdout] 
[INFO] [stdout] error[E0433]: failed to resolve: use of undeclared type `Value`
[INFO] [stdout]    --> tests/io.rs:596:45
[INFO] [stdout]     |
[INFO] [stdout] 596 | ...                   inner: Box::new(Value::Double(2.468)),
[INFO] [stdout]     |                                       ^^^^^ not found in this scope
[INFO] [stdout]     |
[INFO] [stdout] help: consider importing one of these items
[INFO] [stdout]     |
[INFO] [stdout] 6   | use mz_avro::types::Value;
[INFO] [stdout]     |
[INFO] [stdout] 6   | use serde_json::Value;
[INFO] [stdout]     |
[INFO] [stdout] 
[INFO] [stdout] 
[INFO] [stdout] error[E0433]: failed to resolve: use of undeclared type `Value`
[INFO] [stdout]    --> tests/io.rs:606:13
[INFO] [stdout]     |
[INFO] [stdout] 606 |             Value::Array(vec![Value::Record(vec![
[INFO] [stdout]     |             ^^^^^ not found in this scope
[INFO] [stdout]     |
[INFO] [stdout] help: consider importing one of these items
[INFO] [stdout]     |
[INFO] [stdout] 6   | use mz_avro::types::Value;
[INFO] [stdout]     |
[INFO] [stdout] 6   | use serde_json::Value;
[INFO] [stdout]     |
[INFO] [stdout] 
[INFO] [stdout] 
[INFO] [stdout] error[E0433]: failed to resolve: use of undeclared type `Value`
[INFO] [stdout]    --> tests/io.rs:606:31
[INFO] [stdout]     |
[INFO] [stdout] 606 |             Value::Array(vec![Value::Record(vec![
[INFO] [stdout]     |                               ^^^^^ not found in this scope
[INFO] [stdout]     |
[INFO] [stdout] help: consider importing one of these items
[INFO] [stdout]     |
[INFO] [stdout] 6   | use mz_avro::types::Value;
[INFO] [stdout]     |
[INFO] [stdout] 6   | use serde_json::Value;
[INFO] [stdout]     |
[INFO] [stdout] 
[INFO] [stdout] 
[INFO] [stdout] error[E0433]: failed to resolve: use of undeclared type `Value`
[INFO] [stdout]    --> tests/io.rs:607:35
[INFO] [stdout]     |
[INFO] [stdout] 607 |                 ("f3".to_owned(), Value::String("s5".to_owned())),
[INFO] [stdout]     |                                   ^^^^^ not found in this scope
[INFO] [stdout]     |
[INFO] [stdout] help: consider importing one of these items
[INFO] [stdout]     |
[INFO] [stdout] 6   | use mz_avro::types::Value;
[INFO] [stdout]     |
[INFO] [stdout] 6   | use serde_json::Value;
[INFO] [stdout]     |
[INFO] [stdout] 
[INFO] [stdout] 
[INFO] [stdout] error[E0433]: failed to resolve: use of undeclared type `Value`
[INFO] [stdout]    --> tests/io.rs:608:35
[INFO] [stdout]     |
[INFO] [stdout] 608 |                 ("f4".to_owned(), Value::String("s6".to_owned())),
[INFO] [stdout]     |                                   ^^^^^ not found in this scope
[INFO] [stdout]     |
[INFO] [stdout] help: consider importing one of these items
[INFO] [stdout]     |
[INFO] [stdout] 6   | use mz_avro::types::Value;
[INFO] [stdout]     |
[INFO] [stdout] 6   | use serde_json::Value;
[INFO] [stdout]     |
[INFO] [stdout] 
[INFO] [stdout] 
[INFO] [stdout] error[E0433]: failed to resolve: use of undeclared type `Value`
[INFO] [stdout]    --> tests/io.rs:723:26
[INFO] [stdout]     |
[INFO] [stdout] 723 |     let datum_to_write = Value::Record(vec![
[INFO] [stdout]     |                          ^^^^^ not found in this scope
[INFO] [stdout]     |
[INFO] [stdout] help: consider importing one of these items
[INFO] [stdout]     |
[INFO] [stdout] 6   | use mz_avro::types::Value;
[INFO] [stdout]     |
[INFO] [stdout] 6   | use serde_json::Value;
[INFO] [stdout]     |
[INFO] [stdout] 
[INFO] [stdout] 
[INFO] [stdout] error[E0433]: failed to resolve: use of undeclared type `Value`
[INFO] [stdout]    --> tests/io.rs:724:27
[INFO] [stdout]     |
[INFO] [stdout] 724 |         ("f5".to_owned(), Value::Long(1234)),
[INFO] [stdout]     |                           ^^^^^ not found in this scope
[INFO] [stdout]     |
[INFO] [stdout] help: consider importing one of these items
[INFO] [stdout]     |
[INFO] [stdout] 6   | use mz_avro::types::Value;
[INFO] [stdout]     |
[INFO] [stdout] 6   | use serde_json::Value;
[INFO] [stdout]     |
[INFO] [stdout] 
[INFO] [stdout] 
[INFO] [stdout] error[E0433]: failed to resolve: use of undeclared type `Value`
[INFO] [stdout]    --> tests/io.rs:729:33
[INFO] [stdout]     |
[INFO] [stdout] 729 |                 inner: Box::new(Value::Fixed(1, vec![0])),
[INFO] [stdout]     |                                 ^^^^^ not found in this scope
[INFO] [stdout]     |
[INFO] [stdout] help: consider importing one of these items
[INFO] [stdout]     |
[INFO] [stdout] 6   | use mz_avro::types::Value;
[INFO] [stdout]     |
[INFO] [stdout] 6   | use serde_json::Value;
[INFO] [stdout]     |
[INFO] [stdout] 
[INFO] [stdout] 
[INFO] [stdout] error[E0433]: failed to resolve: use of undeclared type `Value`
[INFO] [stdout]    --> tests/io.rs:734:27
[INFO] [stdout]     |
[INFO] [stdout] 734 |         ("f3".to_owned(), Value::Double(1.234)),
[INFO] [stdout]     |                           ^^^^^ not found in this scope
[INFO] [stdout]     |
[INFO] [stdout] help: consider importing one of these items
[INFO] [stdout]     |
[INFO] [stdout] 6   | use mz_avro::types::Value;
[INFO] [stdout]     |
[INFO] [stdout] 6   | use serde_json::Value;
[INFO] [stdout]     |
[INFO] [stdout] 
[INFO] [stdout] 
[INFO] [stdout] error[E0433]: failed to resolve: use of undeclared type `Value`
[INFO] [stdout]    --> tests/io.rs:735:27
[INFO] [stdout]     |
[INFO] [stdout] 735 |         ("f2".to_owned(), Value::Enum(4, "Jokers".to_owned())),
[INFO] [stdout]     |                           ^^^^^ not found in this scope
[INFO] [stdout]     |
[INFO] [stdout] help: consider importing one of these items
[INFO] [stdout]     |
[INFO] [stdout] 6   | use mz_avro::types::Value;
[INFO] [stdout]     |
[INFO] [stdout] 6   | use serde_json::Value;
[INFO] [stdout]     |
[INFO] [stdout] 
[INFO] [stdout] 
[INFO] [stdout] error[E0433]: failed to resolve: use of undeclared type `Value`
[INFO] [stdout]    --> tests/io.rs:740:33
[INFO] [stdout]     |
[INFO] [stdout] 740 |                 inner: Box::new(Value::Fixed(4, vec![0, 1, 2, 3])),
[INFO] [stdout]     |                                 ^^^^^ not found in this scope
[INFO] [stdout]     |
[INFO] [stdout] help: consider importing one of these items
[INFO] [stdout]     |
[INFO] [stdout] 6   | use mz_avro::types::Value;
[INFO] [stdout]     |
[INFO] [stdout] 6   | use serde_json::Value;
[INFO] [stdout]     |
[INFO] [stdout] 
[INFO] [stdout] 
[INFO] [stdout] error[E0433]: failed to resolve: use of undeclared type `Value`
[INFO] [stdout]    --> tests/io.rs:747:13
[INFO] [stdout]     |
[INFO] [stdout] 747 |             Value::Decimal(DecimalValue {
[INFO] [stdout]     |             ^^^^^ not found in this scope
[INFO] [stdout]     |
[INFO] [stdout] help: consider importing one of these items
[INFO] [stdout]     |
[INFO] [stdout] 6   | use mz_avro::types::Value;
[INFO] [stdout]     |
[INFO] [stdout] 6   | use serde_json::Value;
[INFO] [stdout]     |
[INFO] [stdout] 
[INFO] [stdout] 
[INFO] [stdout] error[E0422]: cannot find struct, variant or union type `DecimalValue` in this scope
[INFO] [stdout]    --> tests/io.rs:747:28
[INFO] [stdout]     |
[INFO] [stdout] 747 |             Value::Decimal(DecimalValue {
[INFO] [stdout]     |                            ^^^^^^^^^^^^ not found in this scope
[INFO] [stdout]     |
[INFO] [stdout] help: consider importing this struct
[INFO] [stdout]     |
[INFO] [stdout] 6   | use mz_avro::types::DecimalValue;
[INFO] [stdout]     |
[INFO] [stdout] 
[INFO] [stdout] 
[INFO] [stdout] error[E0433]: failed to resolve: use of undeclared type `Value`
[INFO] [stdout]    --> tests/io.rs:755:13
[INFO] [stdout]     |
[INFO] [stdout] 755 |             Value::Decimal(DecimalValue {
[INFO] [stdout]     |             ^^^^^ not found in this scope
[INFO] [stdout]     |
[INFO] [stdout] help: consider importing one of these items
[INFO] [stdout]     |
[INFO] [stdout] 6   | use mz_avro::types::Value;
[INFO] [stdout]     |
[INFO] [stdout] 6   | use serde_json::Value;
[INFO] [stdout]     |
[INFO] [stdout] 
[INFO] [stdout] 
[INFO] [stdout] error[E0422]: cannot find struct, variant or union type `DecimalValue` in this scope
[INFO] [stdout]    --> tests/io.rs:755:28
[INFO] [stdout]     |
[INFO] [stdout] 755 |             Value::Decimal(DecimalValue {
[INFO] [stdout]     |                            ^^^^^^^^^^^^ not found in this scope
[INFO] [stdout]     |
[INFO] [stdout] help: consider importing this struct
[INFO] [stdout]     |
[INFO] [stdout] 6   | use mz_avro::types::DecimalValue;
[INFO] [stdout]     |
[INFO] [stdout] 
[INFO] [stdout] 
[INFO] [stdout] error[E0433]: failed to resolve: use of undeclared type `Value`
[INFO] [stdout]    --> tests/io.rs:761:27
[INFO] [stdout]     |
[INFO] [stdout] 761 |         ("f8".to_owned(), Value::Fixed(2, vec![0, 1])),
[INFO] [stdout]     |                           ^^^^^ not found in this scope
[INFO] [stdout]     |
[INFO] [stdout] help: consider importing one of these items
[INFO] [stdout]     |
[INFO] [stdout] 6   | use mz_avro::types::Value;
[INFO] [stdout]     |
[INFO] [stdout] 6   | use serde_json::Value;
[INFO] [stdout]     |
[INFO] [stdout] 
[INFO] [stdout] 
[INFO] [stdout] error[E0433]: failed to resolve: use of undeclared type `Value`
[INFO] [stdout]    --> tests/io.rs:762:27
[INFO] [stdout]     |
[INFO] [stdout] 762 |         ("f9".to_owned(), Value::Bytes(vec![3, 4, 5])),
[INFO] [stdout]     |                           ^^^^^ not found in this scope
[INFO] [stdout]     |
[INFO] [stdout] help: consider importing one of these items
[INFO] [stdout]     |
[INFO] [stdout] 6   | use mz_avro::types::Value;
[INFO] [stdout]     |
[INFO] [stdout] 6   | use serde_json::Value;
[INFO] [stdout]     |
[INFO] [stdout] 
[INFO] [stdout] 
[INFO] [stdout] error[E0433]: failed to resolve: use of undeclared type `Value`
[INFO] [stdout]    --> tests/io.rs:764:25
[INFO] [stdout]     |
[INFO] [stdout] 764 |     let expected_read = Value::Record(vec![
[INFO] [stdout]     |                         ^^^^^ not found in this scope
[INFO] [stdout]     |
[INFO] [stdout] help: consider importing one of these items
[INFO] [stdout]     |
[INFO] [stdout] 6   | use mz_avro::types::Value;
[INFO] [stdout]     |
[INFO] [stdout] 6   | use serde_json::Value;
[INFO] [stdout]     |
[INFO] [stdout] 
[INFO] [stdout] 
[INFO] [stdout] error[E0433]: failed to resolve: use of undeclared type `Value`
[INFO] [stdout]    --> tests/io.rs:767:13
[INFO] [stdout]     |
[INFO] [stdout] 767 |             Value::Record(vec![
[INFO] [stdout]     |             ^^^^^ not found in this scope
[INFO] [stdout]     |
[INFO] [stdout] help: consider importing one of these items
[INFO] [stdout]     |
[INFO] [stdout] 6   | use mz_avro::types::Value;
[INFO] [stdout]     |
[INFO] [stdout] 6   | use serde_json::Value;
[INFO] [stdout]     |
[INFO] [stdout] 
[INFO] [stdout] 
[INFO] [stdout] error[E0433]: failed to resolve: use of undeclared type `Value`
[INFO] [stdout]    --> tests/io.rs:768:37
[INFO] [stdout]     |
[INFO] [stdout] 768 |                 ("f0_0".to_owned(), Value::Double(1.234)),
[INFO] [stdout]     |                                     ^^^^^ not found in this scope
[INFO] [stdout]     |
[INFO] [stdout] help: consider importing one of these items
[INFO] [stdout]     |
[INFO] [stdout] 6   | use mz_avro::types::Value;
[INFO] [stdout]     |
[INFO] [stdout] 6   | use serde_json::Value;
[INFO] [stdout]     |
[INFO] [stdout] 
[INFO] [stdout] 
[INFO] [stdout] error[E0433]: failed to resolve: use of undeclared type `Value`
[INFO] [stdout]    --> tests/io.rs:773:41
[INFO] [stdout]     |
[INFO] [stdout] 773 |                         inner: Box::new(Value::Enum(1, "bar".to_owned())),
[INFO] [stdout]     |                                         ^^^^^ not found in this scope
[INFO] [stdout]     |
[INFO] [stdout] help: consider importing one of these items
[INFO] [stdout]     |
[INFO] [stdout] 6   | use mz_avro::types::Value;
[INFO] [stdout]     |
[INFO] [stdout] 6   | use serde_json::Value;
[INFO] [stdout]     |
[INFO] [stdout] 
[INFO] [stdout] 
[INFO] [stdout] error[E0433]: failed to resolve: use of undeclared type `Value`
[INFO] [stdout]    --> tests/io.rs:780:21
[INFO] [stdout]     |
[INFO] [stdout] 780 |                     Value::Map(
[INFO] [stdout]     |                     ^^^^^ not found in this scope
[INFO] [stdout]     |
[INFO] [stdout] help: consider importing one of these items
[INFO] [stdout]     |
[INFO] [stdout] 6   | use mz_avro::types::Value;
[INFO] [stdout]     |
[INFO] [stdout] 6   | use serde_json::Value;
[INFO] [stdout]     |
[INFO] [stdout] 
[INFO] [stdout] 
[INFO] [stdout] error[E0433]: failed to resolve: use of undeclared type `Value`
[INFO] [stdout]    --> tests/io.rs:781:48
[INFO] [stdout]     |
[INFO] [stdout] 781 |                         vec![("a".to_string(), Value::Long(42))]
[INFO] [stdout]     |                                                ^^^^^ not found in this scope
[INFO] [stdout]     |
[INFO] [stdout] help: consider importing one of these items
[INFO] [stdout]     |
[INFO] [stdout] 6   | use mz_avro::types::Value;
[INFO] [stdout]     |
[INFO] [stdout] 6   | use serde_json::Value;
[INFO] [stdout]     |
[INFO] [stdout] 
[INFO] [stdout] 
[INFO] [stdout] error[E0433]: failed to resolve: use of undeclared type `Value`
[INFO] [stdout]    --> tests/io.rs:792:33
[INFO] [stdout]     |
[INFO] [stdout] 792 |                 inner: Box::new(Value::Fixed(4, vec![0, 1, 2, 3])),
[INFO] [stdout]     |                                 ^^^^^ not found in this scope
[INFO] [stdout]     |
[INFO] [stdout] help: consider importing one of these items
[INFO] [stdout]     |
[INFO] [stdout] 6   | use mz_avro::types::Value;
[INFO] [stdout]     |
[INFO] [stdout] 6   | use serde_json::Value;
[INFO] [stdout]     |
[INFO] [stdout] 
[INFO] [stdout] 
[INFO] [stdout] error[E0433]: failed to resolve: use of undeclared type `Value`
[INFO] [stdout]    --> tests/io.rs:797:27
[INFO] [stdout]     |
[INFO] [stdout] 797 |         ("f2".to_owned(), Value::Enum(1, "Spades".to_owned())),
[INFO] [stdout]     |                           ^^^^^ not found in this scope
[INFO] [stdout]     |
[INFO] [stdout] help: consider importing one of these items
[INFO] [stdout]     |
[INFO] [stdout] 6   | use mz_avro::types::Value;
[INFO] [stdout]     |
[INFO] [stdout] 6   | use serde_json::Value;
[INFO] [stdout]     |
[INFO] [stdout] 
[INFO] [stdout] 
[INFO] [stdout] error[E0433]: failed to resolve: use of undeclared type `Value`
[INFO] [stdout]    --> tests/io.rs:798:27
[INFO] [stdout]     |
[INFO] [stdout] 798 |         ("f4".to_owned(), Value::Fixed(1, vec![0])),
[INFO] [stdout]     |                           ^^^^^ not found in this scope
[INFO] [stdout]     |
[INFO] [stdout] help: consider importing one of these items
[INFO] [stdout]     |
[INFO] [stdout] 6   | use mz_avro::types::Value;
[INFO] [stdout]     |
[INFO] [stdout] 6   | use serde_json::Value;
[INFO] [stdout]     |
[INFO] [stdout] 
[INFO] [stdout] 
[INFO] [stdout] error[E0433]: failed to resolve: use of undeclared type `Value`
[INFO] [stdout]    --> tests/io.rs:803:33
[INFO] [stdout]     |
[INFO] [stdout] 803 |                 inner: Box::new(Value::Long(1234)),
[INFO] [stdout]     |                                 ^^^^^ not found in this scope
[INFO] [stdout]     |
[INFO] [stdout] help: consider importing one of these items
[INFO] [stdout]     |
[INFO] [stdout] 6   | use mz_avro::types::Value;
[INFO] [stdout]     |
[INFO] [stdout] 6   | use serde_json::Value;
[INFO] [stdout]     |
[INFO] [stdout] 
[INFO] [stdout] 
[INFO] [stdout] error[E0433]: failed to resolve: use of undeclared type `Value`
[INFO] [stdout]    --> tests/io.rs:808:27
[INFO] [stdout]     |
[INFO] [stdout] 808 |         ("f6".to_owned(), Value::Fixed(4, vec![1, 2, 3, 4])),
[INFO] [stdout]     |                           ^^^^^ not found in this scope
[INFO] [stdout]     |
[INFO] [stdout] help: consider importing one of these items
[INFO] [stdout]     |
[INFO] [stdout] 6   | use mz_avro::types::Value;
[INFO] [stdout]     |
[INFO] [stdout] 6   | use serde_json::Value;
[INFO] [stdout]     |
[INFO] [stdout] 
[INFO] [stdout] 
[INFO] [stdout] error[E0433]: failed to resolve: use of undeclared type `Value`
[INFO] [stdout]    --> tests/io.rs:809:27
[INFO] [stdout]     |
[INFO] [stdout] 809 |         ("f7".to_owned(), Value::Bytes(vec![1, 2])),
[INFO] [stdout]     |                           ^^^^^ not found in this scope
[INFO] [stdout]     |
[INFO] [stdout] help: consider importing one of these items
[INFO] [stdout]     |
[INFO] [stdout] 6   | use mz_avro::types::Value;
[INFO] [stdout]     |
[INFO] [stdout] 6   | use serde_json::Value;
[INFO] [stdout]     |
[INFO] [stdout] 
[INFO] [stdout] 
[INFO] [stdout] error[E0433]: failed to resolve: use of undeclared type `Value`
[INFO] [stdout]    --> tests/io.rs:812:13
[INFO] [stdout]     |
[INFO] [stdout] 812 |             Value::Decimal(DecimalValue {
[INFO] [stdout]     |             ^^^^^ not found in this scope
[INFO] [stdout]     |
[INFO] [stdout] help: consider importing one of these items
[INFO] [stdout]     |
[INFO] [stdout] 6   | use mz_avro::types::Value;
[INFO] [stdout]     |
[INFO] [stdout] 6   | use serde_json::Value;
[INFO] [stdout]     |
[INFO] [stdout] 
[INFO] [stdout] 
[INFO] [stdout] error[E0422]: cannot find struct, variant or union type `DecimalValue` in this scope
[INFO] [stdout]    --> tests/io.rs:812:28
[INFO] [stdout]     |
[INFO] [stdout] 812 |             Value::Decimal(DecimalValue {
[INFO] [stdout]     |                            ^^^^^^^^^^^^ not found in this scope
[INFO] [stdout]     |
[INFO] [stdout] help: consider importing this struct
[INFO] [stdout]     |
[INFO] [stdout] 6   | use mz_avro::types::DecimalValue;
[INFO] [stdout]     |
[INFO] [stdout] 
[INFO] [stdout] 
[INFO] [stdout] error[E0433]: failed to resolve: use of undeclared type `Value`
[INFO] [stdout]    --> tests/io.rs:820:13
[INFO] [stdout]     |
[INFO] [stdout] 820 |             Value::Decimal(DecimalValue {
[INFO] [stdout]     |             ^^^^^ not found in this scope
[INFO] [stdout]     |
[INFO] [stdout] help: consider importing one of these items
[INFO] [stdout]     |
[INFO] [stdout] 6   | use mz_avro::types::Value;
[INFO] [stdout]     |
[INFO] [stdout] 6   | use serde_json::Value;
[INFO] [stdout]     |
[INFO] [stdout] 
[INFO] [stdout] 
[INFO] [stdout] error[E0422]: cannot find struct, variant or union type `DecimalValue` in this scope
[INFO] [stdout]    --> tests/io.rs:820:28
[INFO] [stdout]     |
[INFO] [stdout] 820 |             Value::Decimal(DecimalValue {
[INFO] [stdout]     |                            ^^^^^^^^^^^^ not found in this scope
[INFO] [stdout]     |
[INFO] [stdout] help: consider importing this struct
[INFO] [stdout]     |
[INFO] [stdout] 6   | use mz_avro::types::DecimalValue;
[INFO] [stdout]     |
[INFO] [stdout] 
[INFO] [stdout] 
[INFO] [stdout] error[E0425]: cannot find function `resolve_schemas` in this scope
[INFO] [stdout]    --> tests/io.rs:945:27
[INFO] [stdout]     |
[INFO] [stdout] 945 |     let resolved_schema = resolve_schemas(&writer_schema, &reader_schema).unwrap();
[INFO] [stdout]     |                           ^^^^^^^^^^^^^^^ not found in this scope
[INFO] [stdout]     |
[INFO] [stdout] help: consider importing this function
[INFO] [stdout]     |
[INFO] [stdout] 6   | use mz_avro::schema::resolve_schemas;
[INFO] [stdout]     |
[INFO] [stdout] 
[INFO] [stdout] 
[INFO] [stdout] error[E0425]: cannot find function `resolve_schemas` in this scope
[INFO] [stdout]    --> tests/io.rs:982:27
[INFO] [stdout]     |
[INFO] [stdout] 982 |     let resolved_schema = resolve_schemas(&writer_schema, &reader_schema).unwrap();
[INFO] [stdout]     |                           ^^^^^^^^^^^^^^^ not found in this scope
[INFO] [stdout]     |
[INFO] [stdout] help: consider importing this function
[INFO] [stdout]     |
[INFO] [stdout] 6   | use mz_avro::schema::resolve_schemas;
[INFO] [stdout]     |
[INFO] [stdout] 
[INFO] [stdout] 
[INFO] [stdout] error[E0433]: failed to resolve: use of undeclared type `Value`
[INFO] [stdout]    --> tests/io.rs:985:25
[INFO] [stdout]     |
[INFO] [stdout] 985 |         inner: Box::new(Value::Long(42)),
[INFO] [stdout]     |                         ^^^^^ not found in this scope
[INFO] [stdout]     |
[INFO] [stdout] help: consider importing one of these items
[INFO] [stdout]     |
[INFO] [stdout] 6   | use mz_avro::types::Value;
[INFO] [stdout]     |
[INFO] [stdout] 6   | use serde_json::Value;
[INFO] [stdout]     |
[INFO] [stdout] 
[INFO] [stdout] 
[INFO] [stdout] error[E0433]: failed to resolve: use of undeclared type `Value`
[INFO] [stdout]    --> tests/io.rs:991:25
[INFO] [stdout]     |
[INFO] [stdout] 991 |         inner: Box::new(Value::Long(42)),
[INFO] [stdout]     |                         ^^^^^ not found in this scope
[INFO] [stdout]     |
[INFO] [stdout] help: consider importing one of these items
[INFO] [stdout]     |
[INFO] [stdout] 6   | use mz_avro::types::Value;
[INFO] [stdout]     |
[INFO] [stdout] 6   | use serde_json::Value;
[INFO] [stdout]     |
[INFO] [stdout] 
[INFO] [stdout] 
[INFO] [stdout] error[E0433]: failed to resolve: use of undeclared type `Value`
[INFO] [stdout]     --> tests/io.rs:1000:25
[INFO] [stdout]      |
[INFO] [stdout] 1000 |         inner: Box::new(Value::Record(vec![("a".into(), Value::Long(42))])),
[INFO] [stdout]      |                         ^^^^^ not found in this scope
[INFO] [stdout]      |
[INFO] [stdout] help: consider importing one of these items
[INFO] [stdout]      |
[INFO] [stdout] 6    | use mz_avro::types::Value;
[INFO] [stdout]      |
[INFO] [stdout] 6    | use serde_json::Value;
[INFO] [stdout]      |
[INFO] [stdout] 
[INFO] [stdout] 
[INFO] [stdout] error[E0433]: failed to resolve: use of undeclared type `Value`
[INFO] [stdout]     --> tests/io.rs:1000:57
[INFO] [stdout]      |
[INFO] [stdout] 1000 |         inner: Box::new(Value::Record(vec![("a".into(), Value::Long(42))])),
[INFO] [stdout]      |                                                         ^^^^^ not found in this scope
[INFO] [stdout]      |
[INFO] [stdout] help: consider importing one of these items
[INFO] [stdout]      |
[INFO] [stdout] 6    | use mz_avro::types::Value;
[INFO] [stdout]      |
[INFO] [stdout] 6    | use serde_json::Value;
[INFO] [stdout]      |
[INFO] [stdout] 
[INFO] [stdout] 
[INFO] [stdout] error[E0433]: failed to resolve: use of undeclared type `Value`
[INFO] [stdout]     --> tests/io.rs:1009:25
[INFO] [stdout]      |
[INFO] [stdout] 1009 |         inner: Box::new(Value::Record(vec![("b".into(), Value::Long(42))])),
[INFO] [stdout]      |                         ^^^^^ not found in this scope
[INFO] [stdout]      |
[INFO] [stdout] help: consider importing one of these items
[INFO] [stdout]      |
[INFO] [stdout] 6    | use mz_avro::types::Value;
[INFO] [stdout]      |
[INFO] [stdout] 6    | use serde_json::Value;
[INFO] [stdout]      |
[INFO] [stdout] 
[INFO] [stdout] 
[INFO] [stdout] error[E0433]: failed to resolve: use of undeclared type `Value`
[INFO] [stdout]     --> tests/io.rs:1009:57
[INFO] [stdout]      |
[INFO] [stdout] 1009 |         inner: Box::new(Value::Record(vec![("b".into(), Value::Long(42))])),
[INFO] [stdout]      |                                                         ^^^^^ not found in this scope
[INFO] [stdout]      |
[INFO] [stdout] help: consider importing one of these items
[INFO] [stdout]      |
[INFO] [stdout] 6    | use mz_avro::types::Value;
[INFO] [stdout]      |
[INFO] [stdout] 6    | use serde_json::Value;
[INFO] [stdout]      |
[INFO] [stdout] 
[INFO] [stdout] 
[INFO] [stdout] error[E0412]: cannot find type `Value` in this scope
[INFO] [stdout]   --> tests/schema.rs:66:50
[INFO] [stdout]    |
[INFO] [stdout] 66 |     static ref VALID_SCHEMAS: Vec<(&'static str, Value)> = vec![
[INFO] [stdout]    |                                                  ^^^^^ not found in this scope
[INFO] [stdout]    |
[INFO] [stdout] help: consider importing one of these items
[INFO] [stdout]    |
[INFO] [stdout] 6  | use mz_avro::types::Value;
[INFO] [stdout]    |
[INFO] [stdout] 6  | use serde_json::Value;
[INFO] [stdout]    |
[INFO] [stdout] 
[INFO] [stdout] 
[INFO] [stdout] error[E0433]: failed to resolve: use of undeclared type `Value`
[INFO] [stdout]   --> tests/schema.rs:69:26
[INFO] [stdout]    |
[INFO] [stdout] 69 |         (r#""boolean""#, Value::Boolean(true)),
[INFO] [stdout]    |                          ^^^^^ not found in this scope
[INFO] [stdout]    |
[INFO] [stdout] help: consider importing one of these items
[INFO] [stdout]    |
[INFO] [stdout] 6  | use mz_avro::types::Value;
[INFO] [stdout]    |
[INFO] [stdout] 6  | use serde_json::Value;
[INFO] [stdout]    |
[INFO] [stdout] 
[INFO] [stdout] 
[INFO] [stdout] error[E0433]: failed to resolve: use of undeclared type `Value`
[INFO] [stdout]   --> tests/schema.rs:70:25
[INFO] [stdout]    |
[INFO] [stdout] 70 |         (r#""string""#, Value::String("adsfasdf09809dsf-=adsf".to_string())),
[INFO] [stdout]    |                         ^^^^^ not found in this scope
[INFO] [stdout]    |
[INFO] [stdout] help: consider importing one of these items
[INFO] [stdout]    |
[INFO] [stdout] 6  | use mz_avro::types::Value;
[INFO] [stdout]    |
[INFO] [stdout] 6  | use serde_json::Value;
[INFO] [stdout]    |
[INFO] [stdout] 
[INFO] [stdout] 
[INFO] [stdout] error[E0433]: failed to resolve: use of undeclared type `Value`
[INFO] [stdout]   --> tests/schema.rs:71:24
[INFO] [stdout]    |
[INFO] [stdout] 71 |         (r#""bytes""#, Value::Bytes("12345abcd".to_string().into_bytes())),
[INFO] [stdout]    |                        ^^^^^ not found in this scope
[INFO] [stdout]    |
[INFO] [stdout] help: consider importing one of these items
[INFO] [stdout]    |
[INFO] [stdout] 6  | use mz_avro::types::Value;
[INFO] [stdout]    |
[INFO] [stdout] 6  | use serde_json::Value;
[INFO] [stdout]    |
[INFO] [stdout] 
[INFO] [stdout] 
[INFO] [stdout] error[E0433]: failed to resolve: use of undeclared type `Value`
[INFO] [stdout]   --> tests/schema.rs:72:22
[INFO] [stdout]    |
[INFO] [stdout] 72 |         (r#""int""#, Value::Int(1234)),
[INFO] [stdout]    |                      ^^^^^ not found in this scope
[INFO] [stdout]    |
[INFO] [stdout] help: consider importing one of these items
[INFO] [stdout]    |
[INFO] [stdout] 6  | use mz_avro::types::Value;
[INFO] [stdout]    |
[INFO] [stdout] 6  | use serde_json::Value;
[INFO] [stdout]    |
[INFO] [stdout] 
[INFO] [stdout] 
[INFO] [stdout] error[E0433]: failed to resolve: use of undeclared type `Value`
[INFO] [stdout]   --> tests/schema.rs:73:23
[INFO] [stdout]    |
[INFO] [stdout] 73 |         (r#""long""#, Value::Long(1234)),
[INFO] [stdout]    |                       ^^^^^ not found in this scope
[INFO] [stdout]    |
[INFO] [stdout] help: consider importing one of these items
[INFO] [stdout]    |
[INFO] [stdout] 6  | use mz_avro::types::Value;
[INFO] [stdout]    |
[INFO] [stdout] 6  | use serde_json::Value;
[INFO] [stdout]    |
[INFO] [stdout] 
[INFO] [stdout] 
[INFO] [stdout] error[E0433]: failed to resolve: use of undeclared type `Value`
[INFO] [stdout]   --> tests/schema.rs:74:24
[INFO] [stdout]    |
[INFO] [stdout] 74 |         (r#""float""#, Value::Float(1234.0)),
[INFO] [stdout]    |                        ^^^^^ not found in this scope
[INFO] [stdout]    |
[INFO] [stdout] help: consider importing one of these items
[INFO] [stdout]    |
[INFO] [stdout] 6  | use mz_avro::types::Value;
[INFO] [stdout]    |
[INFO] [stdout] 6  | use serde_json::Value;
[INFO] [stdout]    |
[INFO] [stdout] 
[INFO] [stdout] 
[INFO] [stdout] error[E0433]: failed to resolve: use of undeclared type `Value`
[INFO] [stdout]   --> tests/schema.rs:75:25
[INFO] [stdout]    |
[INFO] [stdout] 75 |         (r#""double""#, Value::Double(1234.0)),
[INFO] [stdout]    |                         ^^^^^ not found in this scope
[INFO] [stdout]    |
[INFO] [stdout] help: consider importing one of these items
[INFO] [stdout]    |
[INFO] [stdout] 6  | use mz_avro::types::Value;
[INFO] [stdout]    |
[INFO] [stdout] 6  | use serde_json::Value;
[INFO] [stdout]    |
[INFO] [stdout] 
[INFO] [stdout] 
[INFO] [stdout] error[E0433]: failed to resolve: use of undeclared type `Value`
[INFO] [stdout]   --> tests/schema.rs:77:61
[INFO] [stdout]    |
[INFO] [stdout] 77 |         (r#"{"type": "fixed", "name": "Test", "size": 1}"#, Value::Fixed(1, vec![0])),
[INFO] [stdout]    |                                                             ^^^^^ not found in this scope
[INFO] [stdout]    |
[INFO] [stdout] help: consider importing one of these items
[INFO] [stdout]    |
[INFO] [stdout] 6  | use mz_avro::types::Value;
[INFO] [stdout]    |
[INFO] [stdout] 6  | use serde_json::Value;
[INFO] [stdout]    |
[INFO] [stdout] 
[INFO] [stdout] 
[INFO] [stdout] error[E0433]: failed to resolve: use of undeclared type `Value`
[INFO] [stdout]   --> tests/schema.rs:79:56
[INFO] [stdout]    |
[INFO] [stdout] 79 |              "namespace": "org.apache.hadoop.avro"}"#, Value::Fixed(1, vec![0])),
[INFO] [stdout]    |                                                        ^^^^^ not found in this scope
[INFO] [stdout]    |
[INFO] [stdout] help: consider importing one of these items
[INFO] [stdout]    |
[INFO] [stdout] 6  | use mz_avro::types::Value;
[INFO] [stdout]    |
[INFO] [stdout] 6  | use serde_json::Value;
[INFO] [stdout]    |
[INFO] [stdout] 
[INFO] [stdout] 
[INFO] [stdout] error[E0433]: failed to resolve: use of undeclared type `Value`
[INFO] [stdout]   --> tests/schema.rs:81:72
[INFO] [stdout]    |
[INFO] [stdout] 81 |         (r#"{"type": "enum", "name": "Test", "symbols": ["A", "B"]}"#, Value::Enum(0, "A".to_owned())),
[INFO] [stdout]    |                                                                        ^^^^^ not found in this scope
[INFO] [stdout]    |
[INFO] [stdout] help: consider importing one of these items
[INFO] [stdout]    |
[INFO] [stdout] 6  | use mz_avro::types::Value;
[INFO] [stdout]    |
[INFO] [stdout] 6  | use serde_json::Value;
[INFO] [stdout]    |
[INFO] [stdout] 
[INFO] [stdout] 
[INFO] [stdout] error[E0433]: failed to resolve: use of undeclared type `Value`
[INFO] [stdout]   --> tests/schema.rs:82:72
[INFO] [stdout]    |
[INFO] [stdout] 82 |         (r#"{"type": "enum", "name": "Test", "symbols": ["A", "B"]}"#, Value::Enum(1, "B".to_owned())),
[INFO] [stdout]    |                                                                        ^^^^^ not found in this scope
[INFO] [stdout]    |
[INFO] [stdout] help: consider importing one of these items
[INFO] [stdout]    |
[INFO] [stdout] 6  | use mz_avro::types::Value;
[INFO] [stdout]    |
[INFO] [stdout] 6  | use serde_json::Value;
[INFO] [stdout]    |
[INFO] [stdout] 
[INFO] [stdout] 
[INFO] [stdout] error[E0433]: failed to resolve: use of undeclared type `Value`
[INFO] [stdout]   --> tests/schema.rs:84:51
[INFO] [stdout]    |
[INFO] [stdout] 84 |         (r#"{"type": "array", "items": "long"}"#, Value::Array(vec![])),
[INFO] [stdout]    |                                                   ^^^^^ not found in this scope
[INFO] [stdout]    |
[INFO] [stdout] help: consider importing one of these items
[INFO] [stdout]    |
[INFO] [stdout] 6  | use mz_avro::types::Value;
[INFO] [stdout]    |
[INFO] [stdout] 6  | use serde_json::Value;
[INFO] [stdout]    |
[INFO] [stdout] 
[INFO] [stdout] 
[INFO] [stdout] error[E0433]: failed to resolve: use of undeclared type `Value`
[INFO] [stdout]   --> tests/schema.rs:86:84
[INFO] [stdout]    |
[INFO] [stdout] 86 |               "items": {"type": "enum", "name": "Test", "symbols": ["A", "B"]}}"#, Value::Array(vec![Value::Enum(0, "A".to_owned())])),
[INFO] [stdout]    |                                                                                    ^^^^^ not found in this scope
[INFO] [stdout]    |
[INFO] [stdout] help: consider importing one of these items
[INFO] [stdout]    |
[INFO] [stdout] 6  | use mz_avro::types::Value;
[INFO] [stdout]    |
[INFO] [stdout] 6  | use serde_json::Value;
[INFO] [stdout]    |
[INFO] [stdout] 
[INFO] [stdout] 
[INFO] [stdout] error[E0433]: failed to resolve: use of undeclared type `Value`
[INFO] [stdout]   --> tests/schema.rs:86:102
[INFO] [stdout]    |
[INFO] [stdout] 86 |               "items": {"type": "enum", "name": "Test", "symbols": ["A", "B"]}}"#, Value::Array(vec![Value::Enum(0, "A".to_owned())])),
[INFO] [stdout]    |                                                                                                      ^^^^^ not found in this scope
[INFO] [stdout]    |
[INFO] [stdout] help: consider importing one of these items
[INFO] [stdout]    |
[INFO] [stdout] 6  | use mz_avro::types::Value;
[INFO] [stdout]    |
[INFO] [stdout] 6  | use serde_json::Value;
[INFO] [stdout]    |
[INFO] [stdout] 
[INFO] [stdout] 
[INFO] [stdout] error[E0433]: failed to resolve: use of undeclared type `Value`
[INFO] [stdout]   --> tests/schema.rs:88:50
[INFO] [stdout]    |
[INFO] [stdout] 88 |         (r#"{"type": "map", "values": "long"}"#, Value::Map(HashMap::new())),
[INFO] [stdout]    |                                                  ^^^^^ not found in this scope
[INFO] [stdout]    |
[INFO] [stdout] help: consider importing one of these items
[INFO] [stdout]    |
[INFO] [stdout] 6  | use mz_avro::types::Value;
[INFO] [stdout]    |
[INFO] [stdout] 6  | use serde_json::Value;
[INFO] [stdout]    |
[INFO] [stdout] 
[INFO] [stdout] 
[INFO] [stdout] error[E0433]: failed to resolve: use of undeclared type `Value`
[INFO] [stdout]   --> tests/schema.rs:90:84
[INFO] [stdout]    |
[INFO] [stdout] 90 |              "values": {"type": "enum", "name": "Test", "symbols": ["A", "B"]}}"#, Value::Map(HashMap::new())),
[INFO] [stdout]    |                                                                                    ^^^^^ not found in this scope
[INFO] [stdout]    |
[INFO] [stdout] help: consider importing one of these items
[INFO] [stdout]    |
[INFO] [stdout] 6  | use mz_avro::types::Value;
[INFO] [stdout]    |
[INFO] [stdout] 6  | use serde_json::Value;
[INFO] [stdout]    |
[INFO] [stdout] 
[INFO] [stdout] 
[INFO] [stdout] error[E0433]: failed to resolve: use of undeclared type `Value`
[INFO] [stdout]   --> tests/schema.rs:93:70
[INFO] [stdout]    |
[INFO] [stdout] 93 |          (r#"["null", "int"]"#, Value::Union{index:1, inner:Box::new(Value::Int(42)),n_variants:2,null_variant:Some(0)}),
[INFO] [stdout]    |                                                                      ^^^^^ not found in this scope
[INFO] [stdout]    |
[INFO] [stdout] help: consider importing one of these items
[INFO] [stdout]    |
[INFO] [stdout] 6  | use mz_avro::types::Value;
[INFO] [stdout]    |
[INFO] [stdout] 6  | use serde_json::Value;
[INFO] [stdout]    |
[INFO] [stdout] 
[INFO] [stdout] 
[INFO] [stdout] error[E0433]: failed to resolve: use of undeclared type `Value`
[INFO] [stdout]   --> tests/schema.rs:94:89
[INFO] [stdout]    |
[INFO] [stdout] 94 |         (r#"["null", "double", "string", "int"]"#, Value::Union{index:3, inner:Box::new(Value::Int(42)),n_variants:4,null_variant:Some(0)}),
[INFO] [stdout]    |                                                                                         ^^^^^ not found in this scope
[INFO] [stdout]    |
[INFO] [stdout] help: consider importing one of these items
[INFO] [stdout]    |
[INFO] [stdout] 6  | use mz_avro::types::Value;
[INFO] [stdout]    |
[INFO] [stdout] 6  | use serde_json::Value;
[INFO] [stdout]    |
[INFO] [stdout] 
[INFO] [stdout] 
[INFO] [stdout] error[E0433]: failed to resolve: use of undeclared type `Value`
[INFO] [stdout]   --> tests/schema.rs:95:80
[INFO] [stdout]    |
[INFO] [stdout] 95 | ...   (r#"["string", "null", "long"]"#, Value::Union{index:0, inner:Box::new(Value::String("string".into())),n_variants:3,null_variant:So...
[INFO] [stdout]    |                                                                              ^^^^^ not found in this scope
[INFO] [stdout]    |
[INFO] [stdout] help: consider importing one of these items
[INFO] [stdout]    |
[INFO] [stdout] 6  | use mz_avro::types::Value;
[INFO] [stdout]    |
[INFO] [stdout] 6  | use serde_json::Value;
[INFO] [stdout]    |
[INFO] [stdout] 
[INFO] [stdout] 
[INFO] [stdout] error[E0433]: failed to resolve: use of undeclared type `Value`
[INFO] [stdout]    --> tests/schema.rs:121:10
[INFO] [stdout]     |
[INFO] [stdout] 121 |          Value::Record(vec![("intField".into(), Value::Int(0)),
[INFO] [stdout]     |          ^^^^^ not found in this scope
[INFO] [stdout]     |
[INFO] [stdout] help: consider importing one of these items
[INFO] [stdout]     |
[INFO] [stdout] 6   | use mz_avro::types::Value;
[INFO] [stdout]     |
[INFO] [stdout] 6   | use serde_json::Value;
[INFO] [stdout]     |
[INFO] [stdout] 
[INFO] [stdout] 
[INFO] [stdout] error[E0433]: failed to resolve: use of undeclared type `Value`
[INFO] [stdout]    --> tests/schema.rs:121:49
[INFO] [stdout]     |
[INFO] [stdout] 121 |          Value::Record(vec![("intField".into(), Value::Int(0)),
[INFO] [stdout]     |                                                 ^^^^^ not found in this scope
[INFO] [stdout]     |
[INFO] [stdout] help: consider importing one of these items
[INFO] [stdout]     |
[INFO] [stdout] 6   | use mz_avro::types::Value;
[INFO] [stdout]     |
[INFO] [stdout] 6   | use serde_json::Value;
[INFO] [stdout]     |
[INFO] [stdout] 
[INFO] [stdout] 
[INFO] [stdout] error[E0433]: failed to resolve: use of undeclared type `Value`
[INFO] [stdout]    --> tests/schema.rs:122:49
[INFO] [stdout]     |
[INFO] [stdout] 122 | ...                   ("longField".into(), Value::Long(0)),
[INFO] [stdout]     |                                            ^^^^^ not found in this scope
[INFO] [stdout]     |
[INFO] [stdout] help: consider importing one of these items
[INFO] [stdout]     |
[INFO] [stdout] 6   | use mz_avro::types::Value;
[INFO] [stdout]     |
[INFO] [stdout] 6   | use serde_json::Value;
[INFO] [stdout]     |
[INFO] [stdout] 
[INFO] [stdout] 
[INFO] [stdout] error[E0433]: failed to resolve: use of undeclared type `Value`
[INFO] [stdout]    --> tests/schema.rs:123:51
[INFO] [stdout]     |
[INFO] [stdout] 123 | ...                   ("stringField".into(), Value::String("string".into())),
[INFO] [stdout]     |                                              ^^^^^ not found in this scope
[INFO] [stdout]     |
[INFO] [stdout] help: consider importing one of these items
[INFO] [stdout]     |
[INFO] [stdout] 6   | use mz_avro::types::Value;
[INFO] [stdout]     |
[INFO] [stdout] 6   | use serde_json::Value;
[INFO] [stdout]     |
[INFO] [stdout] 
[INFO] [stdout] 
[INFO] [stdout] error[E0433]: failed to resolve: use of undeclared type `Value`
[INFO] [stdout]    --> tests/schema.rs:124:49
[INFO] [stdout]     |
[INFO] [stdout] 124 | ...                   ("boolField".into(), Value::Boolean(true)),
[INFO] [stdout]     |                                            ^^^^^ not found in this scope
[INFO] [stdout]     |
[INFO] [stdout] help: consider importing one of these items
[INFO] [stdout]     |
[INFO] [stdout] 6   | use mz_avro::types::Value;
[INFO] [stdout]     |
[INFO] [stdout] 6   | use serde_json::Value;
[INFO] [stdout]     |
[INFO] [stdout] 
[INFO] [stdout] 
[INFO] [stdout] error[E0433]: failed to resolve: use of undeclared type `Value`
[INFO] [stdout]    --> tests/schema.rs:125:50
[INFO] [stdout]     |
[INFO] [stdout] 125 | ...                   ("floatField".into(), Value::Float(0.0)),
[INFO] [stdout]     |                                             ^^^^^ not found in this scope
[INFO] [stdout]     |
[INFO] [stdout] help: consider importing one of these items
[INFO] [stdout]     |
[INFO] [stdout] 6   | use mz_avro::types::Value;
[INFO] [stdout]     |
[INFO] [stdout] 6   | use serde_json::Value;
[INFO] [stdout]     |
[INFO] [stdout] 
[INFO] [stdout] 
[INFO] [stdout] error[E0433]: failed to resolve: use of undeclared type `Value`
[INFO] [stdout]    --> tests/schema.rs:126:51
[INFO] [stdout]     |
[INFO] [stdout] 126 | ...                   ("doubleField".into(), Value::Double(0.0)),
[INFO] [stdout]     |                                              ^^^^^ not found in this scope
[INFO] [stdout]     |
[INFO] [stdout] help: consider importing one of these items
[INFO] [stdout]     |
[INFO] [stdout] 6   | use mz_avro::types::Value;
[INFO] [stdout]     |
[INFO] [stdout] 6   | use serde_json::Value;
[INFO] [stdout]     |
[INFO] [stdout] 
[INFO] [stdout] 
[INFO] [stdout] error[E0433]: failed to resolve: use of undeclared type `Value`
[INFO] [stdout]    --> tests/schema.rs:127:50
[INFO] [stdout]     |
[INFO] [stdout] 127 | ...                   ("bytesField".into(), Value::Bytes(vec![0])),
[INFO] [stdout]     |                                             ^^^^^ not found in this scope
[INFO] [stdout]     |
[INFO] [stdout] help: consider importing one of these items
[INFO] [stdout]     |
[INFO] [stdout] 6   | use mz_avro::types::Value;
[INFO] [stdout]     |
[INFO] [stdout] 6   | use serde_json::Value;
[INFO] [stdout]     |
[INFO] [stdout] 
[INFO] [stdout] 
[INFO] [stdout] error[E0433]: failed to resolve: use of undeclared type `Value`
[INFO] [stdout]    --> tests/schema.rs:129:50
[INFO] [stdout]     |
[INFO] [stdout] 129 | ...                   ("arrayField".into(), Value::Array(vec![Value::Double(0.0)])),
[INFO] [stdout]     |                                             ^^^^^ not found in this scope
[INFO] [stdout]     |
[INFO] [stdout] help: consider importing one of these items
[INFO] [stdout]     |
[INFO] [stdout] 6   | use mz_avro::types::Value;
[INFO] [stdout]     |
[INFO] [stdout] 6   | use serde_json::Value;
[INFO] [stdout]     |
[INFO] [stdout] 
[INFO] [stdout] 
[INFO] [stdout] error[E0433]: failed to resolve: use of undeclared type `Value`
[INFO] [stdout]    --> tests/schema.rs:129:68
[INFO] [stdout]     |
[INFO] [stdout] 129 | ...                   ("arrayField".into(), Value::Array(vec![Value::Double(0.0)])),
[INFO] [stdout]     |                                                               ^^^^^ not found in this scope
[INFO] [stdout]     |
[INFO] [stdout] help: consider importing one of these items
[INFO] [stdout]     |
[INFO] [stdout] 6   | use mz_avro::types::Value;
[INFO] [stdout]     |
[INFO] [stdout] 6   | use serde_json::Value;
[INFO] [stdout]     |
[INFO] [stdout] 
[INFO] [stdout] 
[INFO] [stdout] error[E0433]: failed to resolve: use of undeclared type `Value`
[INFO] [stdout]    --> tests/schema.rs:130:48
[INFO] [stdout]     |
[INFO] [stdout] 130 | ...                   ("mapField".into(), Value::Map(HashMap::new())),
[INFO] [stdout]     |                                           ^^^^^ not found in this scope
[INFO] [stdout]     |
[INFO] [stdout] help: consider importing one of these items
[INFO] [stdout]     |
[INFO] [stdout] 6   | use mz_avro::types::Value;
[INFO] [stdout]     |
[INFO] [stdout] 6   | use serde_json::Value;
[INFO] [stdout]     |
[INFO] [stdout] 
[INFO] [stdout] 
[INFO] [stdout] error[E0433]: failed to resolve: use of undeclared type `Value`
[INFO] [stdout]    --> tests/schema.rs:131:87
[INFO] [stdout]     |
[INFO] [stdout] 131 | ...                   ("unionField".into(), Value::Union{index:1, inner:Box::new(Value::Double(0.0)),n_variants:3,null_variant:None}),
[INFO] [stdout]     |                                                                                  ^^^^^ not found in this scope
[INFO] [stdout]     |
[INFO] [stdout] help: consider importing one of these items
[INFO] [stdout]     |
[INFO] [stdout] 6   | use mz_avro::types::Value;
[INFO] [stdout]     |
[INFO] [stdout] 6   | use serde_json::Value;
[INFO] [stdout]     |
[INFO] [stdout] 
[INFO] [stdout] 
[INFO] [stdout] error[E0433]: failed to resolve: use of undeclared type `Value`
[INFO] [stdout]    --> tests/schema.rs:132:49
[INFO] [stdout]     |
[INFO] [stdout] 132 | ...                   ("enumField".into(), Value::Enum(1, "B".into())),
[INFO] [stdout]     |                                            ^^^^^ not found in this scope
[INFO] [stdout]     |
[INFO] [stdout] help: consider importing one of these items
[INFO] [stdout]     |
[INFO] [stdout] 6   | use mz_avro::types::Value;
[INFO] [stdout]     |
[INFO] [stdout] 6   | use serde_json::Value;
[INFO] [stdout]     |
[INFO] [stdout] 
[INFO] [stdout] 
[INFO] [stdout] error[E0433]: failed to resolve: use of undeclared type `Value`
[INFO] [stdout]    --> tests/schema.rs:133:50
[INFO] [stdout]     |
[INFO] [stdout] 133 | ...                   ("fixedField".into(), Value::Fixed(4, vec![0, 0, 0, 0])),
[INFO] [stdout]     |                                             ^^^^^ not found in this scope
[INFO] [stdout]     |
[INFO] [stdout] help: consider importing one of these items
[INFO] [stdout]     |
[INFO] [stdout] 6   | use mz_avro::types::Value;
[INFO] [stdout]     |
[INFO] [stdout] 6   | use serde_json::Value;
[INFO] [stdout]     |
[INFO] [stdout] 
[INFO] [stdout] 
[INFO] [stdout] error[E0433]: failed to resolve: use of undeclared type `Value`
[INFO] [stdout]    --> tests/schema.rs:134:51
[INFO] [stdout]     |
[INFO] [stdout] 134 | ...                   ("recordField".into(), Value::Record(vec![("label".into(), Value::String("string".into())),
[INFO] [stdout]     |                                              ^^^^^ not found in this scope
[INFO] [stdout]     |
[INFO] [stdout] help: consider importing one of these items
[INFO] [stdout]     |
[INFO] [stdout] 6   | use mz_avro::types::Value;
[INFO] [stdout]     |
[INFO] [stdout] 6   | use serde_json::Value;
[INFO] [stdout]     |
[INFO] [stdout] 
[INFO] [stdout] 
[INFO] [stdout] error[E0433]: failed to resolve: use of undeclared type `Value`
[INFO] [stdout]    --> tests/schema.rs:134:87
[INFO] [stdout]     |
[INFO] [stdout] 134 | ...                   ("recordField".into(), Value::Record(vec![("label".into(), Value::String("string".into())),
[INFO] [stdout]     |                                                                                  ^^^^^ not found in this scope
[INFO] [stdout]     |
[INFO] [stdout] help: consider importing one of these items
[INFO] [stdout]     |
[INFO] [stdout] 6   | use mz_avro::types::Value;
[INFO] [stdout]     |
[INFO] [stdout] 6   | use serde_json::Value;
[INFO] [stdout]     |
[INFO] [stdout] 
[INFO] [stdout] 
[INFO] [stdout] error[E0433]: failed to resolve: use of undeclared type `Value`
[INFO] [stdout]    --> tests/schema.rs:135:90
[INFO] [stdout]     |
[INFO] [stdout] 135 | ...                   ("children".into(), Value::Array(vec![]))]))])),
[INFO] [stdout]     |                                           ^^^^^ not found in this scope
[INFO] [stdout]     |
[INFO] [stdout] help: consider importing one of these items
[INFO] [stdout]     |
[INFO] [stdout] 6   | use mz_avro::types::Value;
[INFO] [stdout]     |
[INFO] [stdout] 6   | use serde_json::Value;
[INFO] [stdout]     |
[INFO] [stdout] 
[INFO] [stdout] 
[INFO] [stdout] error: aborting due to 10 previous errors
[INFO] [stdout] 
[INFO] [stdout] 
[INFO] [stdout] Some errors have detailed explanations: E0412, E0432, E0433.
[INFO] [stdout] 
[INFO] [stdout] For more information about an error, try `rustc --explain E0412`.
[INFO] [stdout] 
[INFO] [stdout] error[E0433]: failed to resolve: use of undeclared type `Value`
[INFO] [stdout]    --> tests/schema.rs:139:10
[INFO] [stdout]     |
[INFO] [stdout] 139 | ...   Value::Record(vec![("addr".into(), Value::Union{index:1, inner:Box::new(Value::Fixed(4, vec![0, 0, 0, 0])),n_variants:2,null_varian...
[INFO] [stdout]     |       ^^^^^ not found in this scope
[INFO] [stdout]     |
[INFO] [stdout] help: consider importing one of these items
[INFO] [stdout]     |
[INFO] [stdout] 6   | use mz_avro::types::Value;
[INFO] [stdout]     |
[INFO] [stdout] 6   | use serde_json::Value;
[INFO] [stdout]     |
[INFO] [stdout] 
[INFO] [stdout] 
[INFO] [stdout] error[E0433]: failed to resolve: use of undeclared type `Value`
[INFO] [stdout]    --> tests/schema.rs:139:82
[INFO] [stdout]     |
[INFO] [stdout] 139 | ...   Value::Record(vec![("addr".into(), Value::Union{index:1, inner:Box::new(Value::Fixed(4, vec![0, 0, 0, 0])),n_variants:2,null_varian...
[INFO] [stdout]     |                                                                               ^^^^^ not found in this scope
[INFO] [stdout]     |
[INFO] [stdout] help: consider importing one of these items
[INFO] [stdout]     |
[INFO] [stdout] 6   | use mz_avro::types::Value;
[INFO] [stdout]     |
[INFO] [stdout] 6   | use serde_json::Value;
[INFO] [stdout]     |
[INFO] [stdout] 
[INFO] [stdout] 
[INFO] [stdout] error[E0433]: failed to resolve: use of undeclared type `Value`
[INFO] [stdout]    --> tests/schema.rs:143:10
[INFO] [stdout]     |
[INFO] [stdout] 143 |          Value::Record(vec![("name".into(), Value::String("string".into()))])),
[INFO] [stdout]     |          ^^^^^ not found in this scope
[INFO] [stdout]     |
[INFO] [stdout] help: consider importing one of these items
[INFO] [stdout]     |
[INFO] [stdout] 6   | use mz_avro::types::Value;
[INFO] [stdout]     |
[INFO] [stdout] 6   | use serde_json::Value;
[INFO] [stdout]     |
[INFO] [stdout] 
[INFO] [stdout] 
[INFO] [stdout] error[E0433]: failed to resolve: use of undeclared type `Value`
[INFO] [stdout]    --> tests/schema.rs:143:45
[INFO] [stdout]     |
[INFO] [stdout] 143 |          Value::Record(vec![("name".into(), Value::String("string".into()))])),
[INFO] [stdout]     |                                             ^^^^^ not found in this scope
[INFO] [stdout]     |
[INFO] [stdout] help: consider importing one of these items
[INFO] [stdout]     |
[INFO] [stdout] 6   | use mz_avro::types::Value;
[INFO] [stdout]     |
[INFO] [stdout] 6   | use serde_json::Value;
[INFO] [stdout]     |
[INFO] [stdout] 
[INFO] [stdout] 
[INFO] [stdout] error[E0433]: failed to resolve: use of undeclared type `Value`
[INFO] [stdout]    --> tests/schema.rs:145:10
[INFO] [stdout]     |
[INFO] [stdout] 145 |          Value::Enum(0, "A".into())),
[INFO] [stdout]     |          ^^^^^ not found in this scope
[INFO] [stdout]     |
[INFO] [stdout] help: consider importing one of these items
[INFO] [stdout]     |
[INFO] [stdout] 6   | use mz_avro::types::Value;
[INFO] [stdout]     |
[INFO] [stdout] 6   | use serde_json::Value;
[INFO] [stdout]     |
[INFO] [stdout] 
[INFO] [stdout] 
[INFO] [stdout] error[E0433]: failed to resolve: use of undeclared type `Value`
[INFO] [stdout]    --> tests/schema.rs:147:51
[INFO] [stdout]     |
[INFO] [stdout] 147 |         (r#"{"type":"int", "customProp":"val"}"#, Value::Int(123)),
[INFO] [stdout]     |                                                   ^^^^^ not found in this scope
[INFO] [stdout]     |
[INFO] [stdout] help: consider importing one of these items
[INFO] [stdout]     |
[INFO] [stdout] 6   | use mz_avro::types::Value;
[INFO] [stdout]     |
[INFO] [stdout] 6   | use serde_json::Value;
[INFO] [stdout]     |
[INFO] [stdout] 
[INFO] [stdout] 
[INFO] [stdout] error[E0433]: failed to resolve: use of undeclared type `Value`
[INFO] [stdout]    --> tests/schema.rs:150:10
[INFO] [stdout]     |
[INFO] [stdout] 150 |          Value::Enum(0, "SPADES".to_owned())),
[INFO] [stdout]     |          ^^^^^ not found in this scope
[INFO] [stdout]     |
[INFO] [stdout] help: consider importing one of these items
[INFO] [stdout]     |
[INFO] [stdout] 6   | use mz_avro::types::Value;
[INFO] [stdout]     |
[INFO] [stdout] 6   | use serde_json::Value;
[INFO] [stdout]     |
[INFO] [stdout] 
[INFO] [stdout] 
[INFO] [stdout] error[E0412]: cannot find type `Value` in this scope
[INFO] [stdout]    --> tests/schema.rs:153:56
[INFO] [stdout]     |
[INFO] [stdout] 153 |     static ref VALID_LOGICAL_TYPES: Vec<(&'static str, Value)> = vec![
[INFO] [stdout]     |                                                        ^^^^^ not found in this scope
[INFO] [stdout]     |
[INFO] [stdout] help: consider importing one of these items
[INFO] [stdout]     |
[INFO] [stdout] 6   | use mz_avro::types::Value;
[INFO] [stdout]     |
[INFO] [stdout] 6   | use serde_json::Value;
[INFO] [stdout]     |
[INFO] [stdout] 
[INFO] [stdout] 
[INFO] [stdout] error[E0433]: failed to resolve: use of undeclared type `Value`
[INFO] [stdout]    --> tests/schema.rs:156:10
[INFO] [stdout]     |
[INFO] [stdout] 156 |          Value::Decimal(DecimalValue { unscaled: vec![0, 0], precision: 1, scale: 1})),
[INFO] [stdout]     |          ^^^^^ not found in this scope
[INFO] [stdout]     |
[INFO] [stdout] help: consider importing one of these items
[INFO] [stdout]     |
[INFO] [stdout] 6   | use mz_avro::types::Value;
[INFO] [stdout]     |
[INFO] [stdout] 6   | use serde_json::Value;
[INFO] [stdout]     |
[INFO] [stdout] 
[INFO] [stdout] 
[INFO] [stdout] error[E0422]: cannot find struct, variant or union type `DecimalValue` in this scope
[INFO] [stdout]    --> tests/schema.rs:156:25
[INFO] [stdout]     |
[INFO] [stdout] 156 |          Value::Decimal(DecimalValue { unscaled: vec![0, 0], precision: 1, scale: 1})),
[INFO] [stdout]     |                         ^^^^^^^^^^^^ not found in this scope
[INFO] [stdout]     |
[INFO] [stdout] help: consider importing this struct
[INFO] [stdout]     |
[INFO] [stdout] 6   | use mz_avro::types::DecimalValue;
[INFO] [stdout]     |
[INFO] [stdout] 
[INFO] [stdout] 
[INFO] [stdout] error[E0433]: failed to resolve: use of undeclared type `Value`
[INFO] [stdout]    --> tests/schema.rs:158:10
[INFO] [stdout]     |
[INFO] [stdout] 158 |          Value::Decimal(DecimalValue { unscaled: vec![0], precision: 4, scale: 2})),
[INFO] [stdout]     |          ^^^^^ not found in this scope
[INFO] [stdout]     |
[INFO] [stdout] help: consider importing one of these items
[INFO] [stdout]     |
[INFO] [stdout] 6   | use mz_avro::types::Value;
[INFO] [stdout]     |
[INFO] [stdout] 6   | use serde_json::Value;
[INFO] [stdout]     |
[INFO] [stdout] 
[INFO] [stdout] 
[INFO] [stdout] error[E0422]: cannot find struct, variant or union type `DecimalValue` in this scope
[INFO] [stdout]    --> tests/schema.rs:158:25
[INFO] [stdout]     |
[INFO] [stdout] 158 |          Value::Decimal(DecimalValue { unscaled: vec![0], precision: 4, scale: 2})),
[INFO] [stdout]     |                         ^^^^^^^^^^^^ not found in this scope
[INFO] [stdout]     |
[INFO] [stdout] help: consider importing this struct
[INFO] [stdout]     |
[INFO] [stdout] 6   | use mz_avro::types::DecimalValue;
[INFO] [stdout]     |
[INFO] [stdout] 
[INFO] [stdout] 
[INFO] [stdout] error[E0433]: failed to resolve: use of undeclared type `Value`
[INFO] [stdout]    --> tests/schema.rs:160:55
[INFO] [stdout]     |
[INFO] [stdout] 160 |         (r#"{"type": "int", "logicalType": "date"}"#, Value::Date(NaiveDate::from_ymd(2020, 7, 13))),
[INFO] [stdout]     |                                                       ^^^^^ not found in this scope
[INFO] [stdout]     |
[INFO] [stdout] help: consider importing one of these items
[INFO] [stdout]     |
[INFO] [stdout] 6   | use mz_avro::types::Value;
[INFO] [stdout]     |
[INFO] [stdout] 6   | use serde_json::Value;
[INFO] [stdout]     |
[INFO] [stdout] 
[INFO] [stdout] 
[INFO] [stdout] error[E0433]: failed to resolve: use of undeclared type `Value`
[INFO] [stdout]    --> tests/schema.rs:162:62
[INFO] [stdout]     |
[INFO] [stdout] 162 |         (r#"{"type": "int", "logicalType": "time-millis"}"#, Value::Int(0)),
[INFO] [stdout]     |                                                              ^^^^^ not found in this scope
[INFO] [stdout]     |
[INFO] [stdout] help: consider importing one of these items
[INFO] [stdout]     |
[INFO] [stdout] 6   | use mz_avro::types::Value;
[INFO] [stdout]     |
[INFO] [stdout] 6   | use serde_json::Value;
[INFO] [stdout]     |
[INFO] [stdout] 
[INFO] [stdout] 
[INFO] [stdout] error[E0433]: failed to resolve: use of undeclared type `Value`
[INFO] [stdout]    --> tests/schema.rs:164:63
[INFO] [stdout]     |
[INFO] [stdout] 164 |         (r#"{"type": "long", "logicalType": "time-micros"}"#, Value::Long(0)),
[INFO] [stdout]     |                                                               ^^^^^ not found in this scope
[INFO] [stdout]     |
[INFO] [stdout] help: consider importing one of these items
[INFO] [stdout]     |
[INFO] [stdout] 6   | use mz_avro::types::Value;
[INFO] [stdout]     |
[INFO] [stdout] 6   | use serde_json::Value;
[INFO] [stdout]     |
[INFO] [stdout] 
[INFO] [stdout] 
[INFO] [stdout] error[E0433]: failed to resolve: use of undeclared type `Value`
[INFO] [stdout]    --> tests/schema.rs:166:68
[INFO] [stdout]     |
[INFO] [stdout] 166 |         (r#"{"type": "long", "logicalType": "timestamp-millis"}"#, Value::Timestamp(NaiveDateTime::from_timestamp(0, 0))),
[INFO] [stdout]     |                                                                    ^^^^^ not found in this scope
[INFO] [stdout]     |
[INFO] [stdout] help: consider importing one of these items
[INFO] [stdout]     |
[INFO] [stdout] 6   | use mz_avro::types::Value;
[INFO] [stdout]     |
[INFO] [stdout] 6   | use serde_json::Value;
[INFO] [stdout]     |
[INFO] [stdout] 
[INFO] [stdout] 
[INFO] [stdout] error[E0433]: failed to resolve: use of undeclared type `Value`
[INFO] [stdout]    --> tests/schema.rs:168:68
[INFO] [stdout]     |
[INFO] [stdout] 168 |         (r#"{"type": "long", "logicalType": "timestamp-micros"}"#, Value::Timestamp(NaiveDateTime::from_timestamp(0, 0))),
[INFO] [stdout]     |                                                                    ^^^^^ not found in this scope
[INFO] [stdout]     |
[INFO] [stdout] help: consider importing one of these items
[INFO] [stdout]     |
[INFO] [stdout] 6   | use mz_avro::types::Value;
[INFO] [stdout]     |
[INFO] [stdout] 6   | use serde_json::Value;
[INFO] [stdout]     |
[INFO] [stdout] 
[INFO] [stdout] 
[INFO] [stdout] error[E0412]: cannot find type `Value` in this scope
[INFO] [stdout]    --> tests/schema.rs:176:58
[INFO] [stdout]     |
[INFO] [stdout] 176 |     static ref IGNORED_LOGICAL_TYPES: Vec<(&'static str, Value)> = vec![
[INFO] [stdout]     |                                                          ^^^^^ not found in this scope
[INFO] [stdout]     |
[INFO] [stdout] help: consider importing one of these items
[INFO] [stdout]     |
[INFO] [stdout] 6   | use mz_avro::types::Value;
[INFO] [stdout]     |
[INFO] [stdout] 6   | use serde_json::Value;
[INFO] [stdout]     |
[INFO] [stdout] 
[INFO] [stdout] 
[INFO] [stdout] error[E0433]: failed to resolve: use of undeclared type `Value`
[INFO] [stdout]    --> tests/schema.rs:178:74
[INFO] [stdout]     |
[INFO] [stdout] 178 |         (r#"{"type": "string", "logicalType": "unknown-logical-type"}"#, Value::String("string".into())),
[INFO] [stdout]     |                                                                          ^^^^^ not found in this scope
[INFO] [stdout]     |
[INFO] [stdout] help: consider importing one of these items
[INFO] [stdout]     |
[INFO] [stdout] 6   | use mz_avro::types::Value;
[INFO] [stdout]     |
[INFO] [stdout] 6   | use serde_json::Value;
[INFO] [stdout]     |
[INFO] [stdout] 
[INFO] [stdout] 
[INFO] [stdout] error[E0433]: failed to resolve: use of undeclared type `Value`
[INFO] [stdout]    --> tests/schema.rs:179:56
[INFO] [stdout]     |
[INFO] [stdout] 179 |         (r#"{"type": "int", "logicalType": "date1"}"#, Value::Int(1)),
[INFO] [stdout]     |                                                        ^^^^^ not found in this scope
[INFO] [stdout]     |
[INFO] [stdout] help: consider importing one of these items
[INFO] [stdout]     |
[INFO] [stdout] 6   | use mz_avro::types::Value;
[INFO] [stdout]     |
[INFO] [stdout] 6   | use serde_json::Value;
[INFO] [stdout]     |
[INFO] [stdout] 
[INFO] [stdout] 
[INFO] [stdout] error[E0433]: failed to resolve: use of undeclared type `Value`
[INFO] [stdout]    --> tests/schema.rs:181:72
[INFO] [stdout]     |
[INFO] [stdout] 181 |         (r#"{"type": "bytes", "logicalType": "decimal", "scale": 0}"#, Value::Bytes(vec![])),
[INFO] [stdout]     |                                                                        ^^^^^ not found in this scope
[INFO] [stdout]     |
[INFO] [stdout] help: consider importing one of these items
[INFO] [stdout]     |
[INFO] [stdout] 6   | use mz_avro::types::Value;
[INFO] [stdout]     |
[INFO] [stdout] 6   | use serde_json::Value;
[INFO] [stdout]     |
[INFO] [stdout] 
[INFO] [stdout] 
[INFO] [stdout] error[E0433]: failed to resolve: use of undeclared type `Value`
[INFO] [stdout]    --> tests/schema.rs:182:90
[INFO] [stdout]     |
[INFO] [stdout] 182 |         (r#"{"type": "bytes", "logicalType": "decimal", "precision": 2.4, "scale": 0}"#, Value::Bytes(vec![])),
[INFO] [stdout]     |                                                                                          ^^^^^ not found in this scope
[INFO] [stdout]     |
[INFO] [stdout] help: consider importing one of these items
[INFO] [stdout]     |
[INFO] [stdout] 6   | use mz_avro::types::Value;
[INFO] [stdout]     |
[INFO] [stdout] 6   | use serde_json::Value;
[INFO] [stdout]     |
[INFO] [stdout] 
[INFO] [stdout] 
[INFO] [stdout] error[E0433]: failed to resolve: use of undeclared type `Value`
[INFO] [stdout]    --> tests/schema.rs:183:89
[INFO] [stdout]     |
[INFO] [stdout] 183 |         (r#"{"type": "bytes", "logicalType": "decimal", "precision": 2, "scale": -2}"#, Value::Bytes(vec![])),
[INFO] [stdout]     |                                                                                         ^^^^^ not found in this scope
[INFO] [stdout]     |
[INFO] [stdout] help: consider importing one of these items
[INFO] [stdout]     |
[INFO] [stdout] 6   | use mz_avro::types::Value;
[INFO] [stdout]     |
[INFO] [stdout] 6   | use serde_json::Value;
[INFO] [stdout]     |
[INFO] [stdout] 
[INFO] [stdout] 
[INFO] [stdout] error[E0433]: failed to resolve: use of undeclared type `Value`
[INFO] [stdout]    --> tests/schema.rs:184:89
[INFO] [stdout]     |
[INFO] [stdout] 184 |         (r#"{"type": "bytes", "logicalType": "decimal", "precision": -2, "scale": 2}"#, Value::Bytes(vec![])),
[INFO] [stdout]     |                                                                                         ^^^^^ not found in this scope
[INFO] [stdout]     |
[INFO] [stdout] help: consider importing one of these items
[INFO] [stdout]     |
[INFO] [stdout] 6   | use mz_avro::types::Value;
[INFO] [stdout]     |
[INFO] [stdout] 6   | use serde_json::Value;
[INFO] [stdout]     |
[INFO] [stdout] 
[INFO] [stdout] 
[INFO] [stdout] error[E0433]: failed to resolve: use of undeclared type `Value`
[INFO] [stdout]    --> tests/schema.rs:185:88
[INFO] [stdout]     |
[INFO] [stdout] 185 |         (r#"{"type": "bytes", "logicalType": "decimal", "precision": 2, "scale": 3}"#, Value::Bytes(vec![])),
[INFO] [stdout]     |                                                                                        ^^^^^ not found in this scope
[INFO] [stdout]     |
[INFO] [stdout] help: consider importing one of these items
[INFO] [stdout]     |
[INFO] [stdout] 6   | use mz_avro::types::Value;
[INFO] [stdout]     |
[INFO] [stdout] 6   | use serde_json::Value;
[INFO] [stdout]     |
[INFO] [stdout] 
[INFO] [stdout] 
[INFO] [stdout] error[E0433]: failed to resolve: use of undeclared type `Value`
[INFO] [stdout]    --> tests/schema.rs:186:87
[INFO] [stdout]     |
[INFO] [stdout] 186 |         (r#"{"type": "fixed", "logicalType": "decimal", "name": "test", "size": 1}"#, Value::Fixed(1, vec![0])),
[INFO] [stdout]     |                                                                                       ^^^^^ not found in this scope
[INFO] [stdout]     |
[INFO] [stdout] help: consider importing one of these items
[INFO] [stdout]     |
[INFO] [stdout] 6   | use mz_avro::types::Value;
[INFO] [stdout]     |
[INFO] [stdout] 6   | use serde_json::Value;
[INFO] [stdout]     |
[INFO] [stdout] 
[INFO] [stdout] 
[INFO] [stdout] error[E0433]: failed to resolve: use of undeclared type `Value`
[INFO] [stdout]    --> tests/schema.rs:188:10
[INFO] [stdout]     |
[INFO] [stdout] 188 |          Value::Fixed(1, vec![0])),
[INFO] [stdout]     |          ^^^^^ not found in this scope
[INFO] [stdout]     |
[INFO] [stdout] help: consider importing one of these items
[INFO] [stdout]     |
[INFO] [stdout] 6   | use mz_avro::types::Value;
[INFO] [stdout]     |
[INFO] [stdout] 6   | use serde_json::Value;
[INFO] [stdout]     |
[INFO] [stdout] 
[INFO] [stdout] 
[INFO] [stdout] error[E0433]: failed to resolve: use of undeclared type `Value`
[INFO] [stdout]    --> tests/schema.rs:190:10
[INFO] [stdout]     |
[INFO] [stdout] 190 |          Value::Fixed(1, vec![0])),
[INFO] [stdout]     |          ^^^^^ not found in this scope
[INFO] [stdout]     |
[INFO] [stdout] help: consider importing one of these items
[INFO] [stdout]     |
[INFO] [stdout] 6   | use mz_avro::types::Value;
[INFO] [stdout]     |
[INFO] [stdout] 6   | use serde_json::Value;
[INFO] [stdout]     |
[INFO] [stdout] 
[INFO] [stdout] 
[INFO] [stdout] error[E0433]: failed to resolve: use of undeclared type `Value`
[INFO] [stdout]    --> tests/schema.rs:192:10
[INFO] [stdout]     |
[INFO] [stdout] 192 |          Value::Fixed(1, vec![0])),
[INFO] [stdout]     |          ^^^^^ not found in this scope
[INFO] [stdout]     |
[INFO] [stdout] help: consider importing one of these items
[INFO] [stdout]     |
[INFO] [stdout] 6   | use mz_avro::types::Value;
[INFO] [stdout]     |
[INFO] [stdout] 6   | use serde_json::Value;
[INFO] [stdout]     |
[INFO] [stdout] 
[INFO] [stdout] 
[INFO] [stdout] error[E0433]: failed to resolve: use of undeclared type `Value`
[INFO] [stdout]    --> tests/schema.rs:194:10
[INFO] [stdout]     |
[INFO] [stdout] 194 |          Value::Fixed(5, vec![0, 0, 0, 0, 0])),
[INFO] [stdout]     |          ^^^^^ not found in this scope
[INFO] [stdout]     |
[INFO] [stdout] help: consider importing one of these items
[INFO] [stdout]     |
[INFO] [stdout] 6   | use mz_avro::types::Value;
[INFO] [stdout]     |
[INFO] [stdout] 6   | use serde_json::Value;
[INFO] [stdout]     |
[INFO] [stdout] 
[INFO] [stdout] 
[INFO] [stdout] error[E0433]: failed to resolve: use of undeclared type `Value`
[INFO] [stdout]    --> tests/schema.rs:196:10
[INFO] [stdout]     |
[INFO] [stdout] 196 |          Value::Fixed(5, vec![0, 0, 0, 0, 0,])),
[INFO] [stdout]     |          ^^^^^ not found in this scope
[INFO] [stdout]     |
[INFO] [stdout] help: consider importing one of these items
[INFO] [stdout]     |
[INFO] [stdout] 6   | use mz_avro::types::Value;
[INFO] [stdout]     |
[INFO] [stdout] 6   | use serde_json::Value;
[INFO] [stdout]     |
[INFO] [stdout] 
[INFO] [stdout] 
[INFO] [stdout] error[E0433]: failed to resolve: use of undeclared type `Value`
[INFO] [stdout]    --> tests/schema.rs:198:10
[INFO] [stdout]     |
[INFO] [stdout] 198 |          Value::Fixed(2, vec![0, 0])),
[INFO] [stdout]     |          ^^^^^ not found in this scope
[INFO] [stdout]     |
[INFO] [stdout] help: consider importing one of these items
[INFO] [stdout]     |
[INFO] [stdout] 6   | use mz_avro::types::Value;
[INFO] [stdout]     |
[INFO] [stdout] 6   | use serde_json::Value;
[INFO] [stdout]     |
[INFO] [stdout] 
[INFO] [stdout] 
[INFO] [stdout] error[E0433]: failed to resolve: use of undeclared type `Value`
[INFO] [stdout]    --> tests/schema.rs:200:10
[INFO] [stdout]     |
[INFO] [stdout] 200 |          Value::Fixed(2, vec![0, 0])),
[INFO] [stdout]     |          ^^^^^ not found in this scope
[INFO] [stdout]     |
[INFO] [stdout] help: consider importing one of these items
[INFO] [stdout]     |
[INFO] [stdout] 6   | use mz_avro::types::Value;
[INFO] [stdout]     |
[INFO] [stdout] 6   | use serde_json::Value;
[INFO] [stdout]     |
[INFO] [stdout] 
[INFO] [stdout] 
[INFO] [stdout] error[E0433]: failed to resolve: use of undeclared type `Value`
[INFO] [stdout]    --> tests/schema.rs:202:10
[INFO] [stdout]     |
[INFO] [stdout] 202 |          Value::Float(0.0)),
[INFO] [stdout]     |          ^^^^^ not found in this scope
[INFO] [stdout]     |
[INFO] [stdout] help: consider importing one of these items
[INFO] [stdout]     |
[INFO] [stdout] 6   | use mz_avro::types::Value;
[INFO] [stdout]     |
[INFO] [stdout] 6   | use serde_json::Value;
[INFO] [stdout]     |
[INFO] [stdout] 
[INFO] [stdout] 
[INFO] [stderr] error: could not compile `mz-avro`
[INFO] [stdout] error[E0433]: failed to resolve: use of undeclared type `Value`
[INFO] [stdout]    --> tests/schema.rs:204:56
[INFO] [stdout]     |
[INFO] [stdout] 204 |         (r#"{"type": "long", "logicalType": "date"}"#, Value::Long(19)),
[INFO] [stdout]     |                                                        ^^^^^ not found in this scope
[INFO] [stdout]     |
[INFO] [stdout] help: consider importing one of these items
[INFO] [stdout]     |
[INFO] [stdout] 6   | use mz_avro::types::Value;
[INFO] [stdout]     |
[INFO] [stdout] 6   | use serde_json::Value;
[INFO] [stdout]     |
[INFO] [stdout] 
[INFO] [stdout] 
[INFO] [stderr] 
[INFO] [stdout] error[E0433]: failed to resolve: use of undeclared type `Value`
[INFO] [stdout]    --> tests/schema.rs:206:61
[INFO] [stdout]     |
[INFO] [stdout] 206 |         (r#"{"type": "int", "logicalType": "time-milis"}"#, Value::Int(7)),
[INFO] [stdout]     |                                                             ^^^^^ not found in this scope
[INFO] [stdout]     |
[INFO] [stdout] help: consider importing one of these items
[INFO] [stdout]     |
[INFO] [stdout] 6   | use mz_avro::types::Value;
[INFO] [stdout]     |
[INFO] [stdout] 6   | use serde_json::Value;
[INFO] [stdout]     |
[INFO] [stdout] 
[INFO] [stdout] 
[INFO] [stderr] To learn more, run the command again with --verbose.
[INFO] [stdout] error[E0433]: failed to resolve: use of undeclared type `Value`
[INFO] [stdout]    --> tests/schema.rs:207:63
[INFO] [stdout]     |
[INFO] [stdout] 207 |         (r#"{"type": "long", "logicalType": "time-millis"}"#, Value::Long(2)),
[INFO] [stdout]     |                                                               ^^^^^ not found in this scope
[INFO] [stdout]     |
[INFO] [stdout] help: consider importing one of these items
[INFO] [stdout]     |
[INFO] [stdout] 6   | use mz_avro::types::Value;
[INFO] [stdout]     |
[INFO] [stdout] 6   | use serde_json::Value;
[INFO] [stdout]     |
[INFO] [stdout] 
[INFO] [stdout] 
[INFO] [stderr] warning: build failed, waiting for other jobs to finish...
[INFO] [stdout] error[E0433]: failed to resolve: use of undeclared type `Value`
[INFO] [stdout]    --> tests/schema.rs:209:62
[INFO] [stdout]     |
[INFO] [stdout] 209 |         (r#"{"type": "long", "logicalType": "time-micro"}"#, Value::Long(13)),
[INFO] [stdout]     |                                                              ^^^^^ not found in this scope
[INFO] [stdout]     |
[INFO] [stdout] help: consider importing one of these items
[INFO] [stdout]     |
[INFO] [stdout] 6   | use mz_avro::types::Value;
[INFO] [stdout]     |
[INFO] [stdout] 6   | use serde_json::Value;
[INFO] [stdout]     |
[INFO] [stdout] 
[INFO] [stdout] 
[INFO] [stdout] error[E0433]: failed to resolve: use of undeclared type `Value`
[INFO] [stdout]    --> tests/schema.rs:210:62
[INFO] [stdout]     |
[INFO] [stdout] 210 |         (r#"{"type": "int", "logicalType": "time-micros"}"#, Value::Int(42)),
[INFO] [stdout]     |                                                              ^^^^^ not found in this scope
[INFO] [stdout]     |
[INFO] [stdout] help: consider importing one of these items
[INFO] [stdout]     |
[INFO] [stdout] 6   | use mz_avro::types::Value;
[INFO] [stdout]     |
[INFO] [stdout] 6   | use serde_json::Value;
[INFO] [stdout]     |
[INFO] [stdout] 
[INFO] [stdout] 
[INFO] [stdout] error[E0433]: failed to resolve: use of undeclared type `Value`
[INFO] [stdout]    --> tests/schema.rs:212:67
[INFO] [stdout]     |
[INFO] [stdout] 212 |         (r#"{"type": "long", "logicalType": "timestamp-milis"}"#, Value::Long(61)),
[INFO] [stdout]     |                                                                   ^^^^^ not found in this scope
[INFO] [stdout]     |
[INFO] [stdout] help: consider importing one of these items
[INFO] [stdout]     |
[INFO] [stdout] 6   | use mz_avro::types::Value;
[INFO] [stdout]     |
[INFO] [stdout] 6   | use serde_json::Value;
[INFO] [stdout]     |
[INFO] [stdout] 
[INFO] [stdout] 
[INFO] [stdout] error[E0433]: failed to resolve: use of undeclared type `Value`
[INFO] [stdout]    --> tests/schema.rs:213:67
[INFO] [stdout]     |
[INFO] [stdout] 213 |         (r#"{"type": "int", "logicalType": "timestamp-millis"}"#, Value::Int(34)),
[INFO] [stdout]     |                                                                   ^^^^^ not found in this scope
[INFO] [stdout]     |
[INFO] [stdout] help: consider importing one of these items
[INFO] [stdout]     |
[INFO] [stdout] 6   | use mz_avro::types::Value;
[INFO] [stdout]     |
[INFO] [stdout] 6   | use serde_json::Value;
[INFO] [stdout]     |
[INFO] [stdout] 
[INFO] [stdout] 
[INFO] [stdout] error[E0433]: failed to resolve: use of undeclared type `Value`
[INFO] [stdout]    --> tests/schema.rs:215:67
[INFO] [stdout]     |
[INFO] [stdout] 215 |         (r#"{"type": "long", "logicalType": "timestamp-micro"}"#, Value::Long(3)),
[INFO] [stdout]     |                                                                   ^^^^^ not found in this scope
[INFO] [stdout]     |
[INFO] [stdout] help: consider importing one of these items
[INFO] [stdout]     |
[INFO] [stdout] 6   | use mz_avro::types::Value;
[INFO] [stdout]     |
[INFO] [stdout] 6   | use serde_json::Value;
[INFO] [stdout]     |
[INFO] [stdout] 
[INFO] [stdout] 
[INFO] [stdout] error[E0433]: failed to resolve: use of undeclared type `Value`
[INFO] [stdout]    --> tests/schema.rs:216:67
[INFO] [stdout]     |
[INFO] [stdout] 216 |         (r#"{"type": "int", "logicalType": "timestamp-micros"}"#, Value::Int(1010)),
[INFO] [stdout]     |                                                                   ^^^^^ not found in this scope
[INFO] [stdout]     |
[INFO] [stdout] help: consider importing one of these items
[INFO] [stdout]     |
[INFO] [stdout] 6   | use mz_avro::types::Value;
[INFO] [stdout]     |
[INFO] [stdout] 6   | use serde_json::Value;
[INFO] [stdout]     |
[INFO] [stdout] 
[INFO] [stdout] 
[INFO] [stdout] error[E0599]: no method named `iter` found for struct `SCHEMAS_TO_VALIDATE` in the current scope
[INFO] [stdout]   --> tests/io.rs:98:52
[INFO] [stdout]    |
[INFO] [stdout] 17 | / lazy_static! {
[INFO] [stdout] 18 | |     static ref SCHEMAS_TO_VALIDATE: Vec<(&'static str, Value)> = vec![
[INFO] [stdout] 19 | |         (r#""null""#, Value::Null),
[INFO] [stdout] 20 | |         (r#""boolean""#, Value::Boolean(true)),
[INFO] [stdout] ...  |
[INFO] [stdout] 93 | |     ]);
[INFO] [stdout] 94 | | }
[INFO] [stdout]    | |_- method `iter` not found for this
[INFO] [stdout] ...
[INFO] [stdout] 98 |       for (raw_schema, value) in SCHEMAS_TO_VALIDATE.iter() {
[INFO] [stdout]    |                                                      ^^^^ method not found in `SCHEMAS_TO_VALIDATE`
[INFO] [stdout] 
[INFO] [stdout] 
[INFO] [stdout] error[E0599]: no method named `iter` found for struct `VALID_SCHEMAS` in the current scope
[INFO] [stdout]    --> tests/schema.rs:244:46
[INFO] [stdout]     |
[INFO] [stdout] 12  | / lazy_static! {
[INFO] [stdout] 13  | |     static ref UNPARSEABLE_SCHEMAS: Vec<&'static str> = vec![
[INFO] [stdout] 14  | |         // Primitive examples
[INFO] [stdout] 15  | |         r#""True""#,
[INFO] [stdout] ...   |
[INFO] [stdout] 219 | |     ];
[INFO] [stdout] 220 | | }
[INFO] [stdout]     | |_- method `iter` not found for this
[INFO] [stdout] ...
[INFO] [stdout] 244 |       for (raw_schema, value) in VALID_SCHEMAS.iter() {
[INFO] [stdout]     |                                                ^^^^ method not found in `VALID_SCHEMAS`
[INFO] [stdout] 
[INFO] [stdout] 
[INFO] [stdout] error[E0599]: no method named `iter` found for struct `SCHEMAS_TO_VALIDATE` in the current scope
[INFO] [stdout]    --> tests/io.rs:109:52
[INFO] [stdout]     |
[INFO] [stdout] 17  | / lazy_static! {
[INFO] [stdout] 18  | |     static ref SCHEMAS_TO_VALIDATE: Vec<(&'static str, Value)> = vec![
[INFO] [stdout] 19  | |         (r#""null""#, Value::Null),
[INFO] [stdout] 20  | |         (r#""boolean""#, Value::Boolean(true)),
[INFO] [stdout] ...   |
[INFO] [stdout] 93  | |     ]);
[INFO] [stdout] 94  | | }
[INFO] [stdout]     | |_- method `iter` not found for this
[INFO] [stdout] ...
[INFO] [stdout] 109 |       for (raw_schema, value) in SCHEMAS_TO_VALIDATE.iter() {
[INFO] [stdout]     |                                                      ^^^^ method not found in `SCHEMAS_TO_VALIDATE`
[INFO] [stdout] 
[INFO] [stdout] 
[INFO] [stdout] error[E0599]: no method named `iter` found for struct `VALID_LOGICAL_TYPES` in the current scope
[INFO] [stdout]    --> tests/schema.rs:255:52
[INFO] [stdout]     |
[INFO] [stdout] 12  | / lazy_static! {
[INFO] [stdout] 13  | |     static ref UNPARSEABLE_SCHEMAS: Vec<&'static str> = vec![
[INFO] [stdout] 14  | |         // Primitive examples
[INFO] [stdout] 15  | |         r#""True""#,
[INFO] [stdout] ...   |
[INFO] [stdout] 219 | |     ];
[INFO] [stdout] 220 | | }
[INFO] [stdout]     | |_- method `iter` not found for this
[INFO] [stdout] ...
[INFO] [stdout] 255 |       for (raw_schema, value) in VALID_LOGICAL_TYPES.iter() {
[INFO] [stdout]     |                                                      ^^^^ method not found in `VALID_LOGICAL_TYPES`
[INFO] [stdout] 
[INFO] [stdout] 
[INFO] [stdout] error[E0599]: no method named `iter` found for struct `IGNORED_LOGICAL_TYPES` in the current scope
[INFO] [stdout]    --> tests/schema.rs:266:54
[INFO] [stdout]     |
[INFO] [stdout] 12  | / lazy_static! {
[INFO] [stdout] 13  | |     static ref UNPARSEABLE_SCHEMAS: Vec<&'static str> = vec![
[INFO] [stdout] 14  | |         // Primitive examples
[INFO] [stdout] 15  | |         r#""True""#,
[INFO] [stdout] ...   |
[INFO] [stdout] 219 | |     ];
[INFO] [stdout] 220 | | }
[INFO] [stdout]     | |_- method `iter` not found for this
[INFO] [stdout] ...
[INFO] [stdout] 266 |       for (raw_schema, value) in IGNORED_LOGICAL_TYPES.iter() {
[INFO] [stdout]     |                                                        ^^^^ method not found in `IGNORED_LOGICAL_TYPES`
[INFO] [stdout] 
[INFO] [stdout] 
[INFO] [stdout] error: aborting due to 94 previous errors
[INFO] [stdout] 
[INFO] [stdout] 
[INFO] [stdout] Some errors have detailed explanations: E0412, E0422, E0432, E0433, E0599.
[INFO] [stdout] 
[INFO] [stdout] For more information about an error, try `rustc --explain E0412`.
[INFO] [stdout] 
[INFO] [stdout] error[E0599]: no method named `iter` found for struct `DEFAULT_VALUE_EXAMPLES` in the current scope
[INFO] [stdout]    --> tests/io.rs:188:77
[INFO] [stdout]     |
[INFO] [stdout] 17  | / lazy_static! {
[INFO] [stdout] 18  | |     static ref SCHEMAS_TO_VALIDATE: Vec<(&'static str, Value)> = vec![
[INFO] [stdout] 19  | |         (r#""null""#, Value::Null),
[INFO] [stdout] 20  | |         (r#""boolean""#, Value::Boolean(true)),
[INFO] [stdout] ...   |
[INFO] [stdout] 93  | |     ]);
[INFO] [stdout] 94  | | }
[INFO] [stdout]     | |_- method `iter` not found for this
[INFO] [stdout] ...
[INFO] [stdout] 188 |       for (field_type, default_json, default_datum) in DEFAULT_VALUE_EXAMPLES.iter() {
[INFO] [stdout]     |                                                                               ^^^^ method not found in `DEFAULT_VALUE_EXAMPLES`
[INFO] [stdout] 
[INFO] [stdout] 
[INFO] [stdout] error[E0599]: no method named `clone` found for struct `LONG_RECORD_DATUM` in the current scope
[INFO] [stdout]    --> tests/io.rs:201:76
[INFO] [stdout]     |
[INFO] [stdout] 17  | / lazy_static! {
[INFO] [stdout] 18  | |     static ref SCHEMAS_TO_VALIDATE: Vec<(&'static str, Value)> = vec![
[INFO] [stdout] 19  | |         (r#""null""#, Value::Null),
[INFO] [stdout] 20  | |         (r#""boolean""#, Value::Boolean(true)),
[INFO] [stdout] ...   |
[INFO] [stdout] 93  | |     ]);
[INFO] [stdout] 94  | | }
[INFO] [stdout]     | |_- method `clone` not found for this
[INFO] [stdout] ...
[INFO] [stdout] 201 |           let encoded = to_avro_datum(&LONG_RECORD_SCHEMA, LONG_RECORD_DATUM.clone()).unwrap();
[INFO] [stdout]     |                                                                              ^^^^^ method not found in `LONG_RECORD_DATUM`
[INFO] [stdout]     |
[INFO] [stdout]     = help: items from traits can only be used if the trait is implemented and in scope
[INFO] [stdout]     = note: the following trait defines an item `clone`, perhaps you need to implement it:
[INFO] [stdout]             candidate #1: `Clone`
[INFO] [stdout] 
[INFO] [stdout] 
[INFO] [stdout] error[E0599]: no method named `clone` found for struct `LONG_RECORD_DATUM` in the current scope
[INFO] [stdout]    --> tests/io.rs:426:72
[INFO] [stdout]     |
[INFO] [stdout] 17  | / lazy_static! {
[INFO] [stdout] 18  | |     static ref SCHEMAS_TO_VALIDATE: Vec<(&'static str, Value)> = vec![
[INFO] [stdout] 19  | |         (r#""null""#, Value::Null),
[INFO] [stdout] 20  | |         (r#""boolean""#, Value::Boolean(true)),
[INFO] [stdout] ...   |
[INFO] [stdout] 93  | |     ]);
[INFO] [stdout] 94  | | }
[INFO] [stdout]     | |_- method `clone` not found for this
[INFO] [stdout] ...
[INFO] [stdout] 426 |       let encoded = to_avro_datum(&LONG_RECORD_SCHEMA, LONG_RECORD_DATUM.clone()).unwrap();
[INFO] [stdout]     |                                                                          ^^^^^ method not found in `LONG_RECORD_DATUM`
[INFO] [stdout]     |
[INFO] [stdout]     = help: items from traits can only be used if the trait is implemented and in scope
[INFO] [stdout]     = note: the following trait defines an item `clone`, perhaps you need to implement it:
[INFO] [stdout]             candidate #1: `Clone`
[INFO] [stdout] 
[INFO] [stdout] 
[INFO] [stdout] error[E0599]: no method named `clone` found for struct `LONG_RECORD_DATUM` in the current scope
[INFO] [stdout]    --> tests/io.rs:451:72
[INFO] [stdout]     |
[INFO] [stdout] 17  | / lazy_static! {
[INFO] [stdout] 18  | |     static ref SCHEMAS_TO_VALIDATE: Vec<(&'static str, Value)> = vec![
[INFO] [stdout] 19  | |         (r#""null""#, Value::Null),
[INFO] [stdout] 20  | |         (r#""boolean""#, Value::Boolean(true)),
[INFO] [stdout] ...   |
[INFO] [stdout] 93  | |     ]);
[INFO] [stdout] 94  | | }
[INFO] [stdout]     | |_- method `clone` not found for this
[INFO] [stdout] ...
[INFO] [stdout] 451 |       let encoded = to_avro_datum(&LONG_RECORD_SCHEMA, LONG_RECORD_DATUM.clone()).unwrap();
[INFO] [stdout]     |                                                                          ^^^^^ method not found in `LONG_RECORD_DATUM`
[INFO] [stdout]     |
[INFO] [stdout]     = help: items from traits can only be used if the trait is implemented and in scope
[INFO] [stdout]     = note: the following trait defines an item `clone`, perhaps you need to implement it:
[INFO] [stdout]             candidate #1: `Clone`
[INFO] [stdout] 
[INFO] [stdout] 
[INFO] [stdout] error: aborting due to 167 previous errors
[INFO] [stdout] 
[INFO] [stdout] 
[INFO] [stdout] Some errors have detailed explanations: E0412, E0422, E0425, E0432, E0433, E0599.
[INFO] [stdout] 
[INFO] [stdout] For more information about an error, try `rustc --explain E0412`.
[INFO] [stdout] 
[INFO] [stderr] error: build failed
[INFO] running `Command { std: "docker" "inspect" "ed387adcd2f17d0286add7d44cc782304319e9ed6e1ae54694a28d9cde1dd30e", kill_on_drop: false }`
[INFO] running `Command { std: "docker" "rm" "-f" "ed387adcd2f17d0286add7d44cc782304319e9ed6e1ae54694a28d9cde1dd30e", kill_on_drop: false }`
[INFO] [stdout] ed387adcd2f17d0286add7d44cc782304319e9ed6e1ae54694a28d9cde1dd30e
